{"id":4366,"date":"2023-05-02T10:53:35","date_gmt":"2023-05-02T10:53:35","guid":{"rendered":"https:\/\/ocupados.grupopiquer.com\/contenidos\/producto\/adgd371po-desarrollo-organizacional-coaching-de-equipos-25-horas\/"},"modified":"2023-05-15T13:45:08","modified_gmt":"2023-05-15T13:45:08","slug":"adgd371po-desarrollo-organizacional-coaching-de-equipos-25-horas","status":"publish","type":"product","link":"https:\/\/ocupados.grupopiquer.com\/contenidos\/producto\/adgd371po-desarrollo-organizacional-coaching-de-equipos-25-horas\/","title":{"rendered":"ADGD371PO &#8211; Desarrollo Organizacional. Coaching de Equipos (25 horas)"},"content":{"rendered":"<div id=\"accordion\">\n<h3>OBJETIVOS<\/h3>\n<div>Adquirir conocimientos sobre las herramientas para acompa\u00f1ar a un equipo de personas en el proceso de desarrollo, cambio y aprendizaje desde un enfoque sist\u00e9mico, con el fin de optimizar su desempe\u00f1o.<\/div>\n<h3>CONTENIDOS<\/h3>\n<div>1. COACHING DE EQUIPOS<br \/>\n1.1. Qu\u00e9 es y para qu\u00e9 sirve<br \/>\n1.2. Objetivos del coaching de equipos<br \/>\n1.3. El coach de equipos<\/p>\n<p>2. COMPETENCIAS DEL COACHING<br \/>\n2.1. Enfoque y principios sist\u00e9micos<br \/>\n2.2. Competencias generales del coaching<br \/>\n2.3. Competencias generales del coaching sist\u00e9mico de equipos<\/p>\n<p>3. CARACTER\u00cdSTICAS DE LOS EQUIPOS<br \/>\n3.1. Liderazgo de equipos<br \/>\n3.2. Estructura del equipo<br \/>\n3.3. Etapas para afrontar el cambio<br \/>\n3.3.1 Etapa de valoraci\u00f3n<br \/>\n3.3.1.1. Reflexi\u00f3n del potencial del equipo<br \/>\n3.3.1.2. Impulsar un cambio motivador<br \/>\n3.3.1.3. Mejorar la responsabilidad del equipo en el cambio<br \/>\n3.3.1.4. Aprendizaje de din\u00e1micas para valoraci\u00f3n del equipo<br \/>\n3.3.2. Etapa de intervenci\u00f3n<br \/>\n3.3.2.1. Evaluar y potenciar los puntos fuertes y logros<br \/>\n3.3.2.2. Generar incentivos hacia el \u00e9xito del equipo.<br \/>\n3.3.2.3. Eliminar los frenos que nos impiden la acci\u00f3n<br \/>\n3.3.2.4. Aprendizaje de din\u00e1micas para el desarrollo de competencias del equipo<br \/>\n3.3.3. Etapa de contraste<br \/>\n3.3.3.1. Reflexi\u00f3n sobre los avances<br \/>\n3.3.3.2. Desarrollo de nuevos h\u00e1bitos de \u00e9xito<br \/>\n3.3.3.3. Afianzar el compromiso del equipo<br \/>\n3.3.3.4. Aprendizaje de din\u00e1micas para el desarrollo de planes de acci\u00f3n<\/p>\n<p>4. COMUNICACI\u00d3N<br \/>\n4.1. C\u00f3mo funciona<br \/>\n4.2. Escucha activa<br \/>\n4.3. Diferentes estilos de personalidad y comportamiento<br \/>\n4.4. Establecer rapport<\/p>\n<p>5. EL CLIMA EMOCIONAL<br \/>\n5.1. Disfunciones del equipo<br \/>\n5.2. Diferentes visiones del equipo<br \/>\n5.3. Diferentes roles en el equipo.<\/p>\n<\/div>\n<\/div>\n","protected":false},"excerpt":{"rendered":"<p>Adquirir conocimientos sobre las herramientas para acompa\u00f1ar a un equipo de personas en el proceso de desarrollo, cambio y aprendizaje desde un enfoque sist\u00e9mico, con el fin de optimizar su desempe\u00f1o.<\/p>\n","protected":false},"featured_media":5484,"comment_status":"closed","ping_status":"closed","template":"","meta":{"site-sidebar-layout":"default","site-content-layout":"","ast-site-content-layout":"","site-content-style":"default","site-sidebar-style":"default","ast-global-header-display":"","ast-banner-title-visibility":"","ast-main-header-display":"","ast-hfb-above-header-display":"","ast-hfb-below-header-display":"","ast-hfb-mobile-header-display":"","site-post-title":"","ast-breadcrumbs-content":"","ast-featured-img":"","footer-sml-layout":"","theme-transparent-header-meta":"","adv-header-id-meta":"","stick-header-meta":"","header-above-stick-meta":"","header-main-stick-meta":"","header-below-stick-meta":"","astra-migrate-meta-layouts":"default","ast-page-background-enabled":"default","ast-page-background-meta":{"desktop":{"background-color":"var(--ast-global-color-4)","background-image":"","background-repeat":"repeat","background-position":"center center","background-size":"auto","background-attachment":"scroll","background-type":"","background-media":"","overlay-type":"","overlay-color":"","overlay-opacity":"","overlay-gradient":""},"tablet":{"background-color":"","background-image":"","background-repeat":"repeat","background-position":"center center","background-size":"auto","background-attachment":"scroll","background-type":"","background-media":"","overlay-type":"","overlay-color":"","overlay-opacity":"","overlay-gradient":""},"mobile":{"background-color":"","background-image":"","background-repeat":"repeat","background-position":"center center","background-size":"auto","background-attachment":"scroll","background-type":"","background-media":"","overlay-type":"","overlay-color":"","overlay-opacity":"","overlay-gradient":""}},"ast-content-background-meta":{"desktop":{"background-color":"var(--ast-global-color-5)","background-image":"","background-repeat":"repeat","background-position":"center center","background-size":"auto","background-attachment":"scroll","background-type":"","background-media":"","overlay-type":"","overlay-color":"","overlay-opacity":"","overlay-gradient":""},"tablet":{"background-color":"var(--ast-global-color-5)","background-image":"","background-repeat":"repeat","background-position":"center center","background-size":"auto","background-attachment":"scroll","background-type":"","background-media":"","overlay-type":"","overlay-color":"","overlay-opacity":"","overlay-gradient":""},"mobile":{"background-color":"var(--ast-global-color-5)","background-image":"","background-repeat":"repeat","background-position":"center center","background-size":"auto","background-attachment":"scroll","background-type":"","background-media":"","overlay-type":"","overlay-color":"","overlay-opacity":"","overlay-gradient":""}}},"product_brand":[],"product_cat":[126],"product_tag":[],"class_list":{"0":"post-4366","1":"product","2":"type-product","3":"status-publish","4":"has-post-thumbnail","6":"product_cat-administracion-y-auditoria","7":"desktop-align-left","8":"tablet-align-left","9":"mobile-align-left","11":"first","12":"instock","13":"taxable","14":"shipping-taxable","15":"purchasable","16":"product-type-simple"},"yoast_head":"<!-- This site is optimized with the Yoast SEO plugin v25.1 - https:\/\/yoast.com\/wordpress\/plugins\/seo\/ -->\n<title>ADGD371PO - Desarrollo Organizacional. Coaching de Equipos (25 horas) - Contenidos Online<\/title>\n<meta name=\"robots\" content=\"index, follow, max-snippet:-1, max-image-preview:large, max-video-preview:-1\" \/>\n<link rel=\"canonical\" href=\"https:\/\/ocupados.grupopiquer.com\/contenidos\/producto\/adgd371po-desarrollo-organizacional-coaching-de-equipos-25-horas\/\" \/>\n<meta property=\"og:locale\" content=\"es_ES\" \/>\n<meta property=\"og:type\" content=\"article\" \/>\n<meta property=\"og:title\" content=\"ADGD371PO - Desarrollo Organizacional. Coaching de Equipos (25 horas) - Contenidos Online\" \/>\n<meta property=\"og:description\" content=\"Adquirir conocimientos sobre las herramientas para acompa\u00f1ar a un equipo de personas en el proceso de desarrollo, cambio y aprendizaje desde un enfoque sist\u00e9mico, con el fin de optimizar su desempe\u00f1o.\" \/>\n<meta property=\"og:url\" content=\"https:\/\/ocupados.grupopiquer.com\/contenidos\/producto\/adgd371po-desarrollo-organizacional-coaching-de-equipos-25-horas\/\" \/>\n<meta property=\"og:site_name\" content=\"Contenidos Online\" \/>\n<meta property=\"article:modified_time\" content=\"2023-05-15T13:45:08+00:00\" \/>\n<meta property=\"og:image\" content=\"https:\/\/ocupados.grupopiquer.com\/contenidos\/wp-content\/uploads\/2023\/05\/WZDMQOSy3mvFewlh_-EmpBV0GDA-JhP0e-stock_image-e1683557815194.jpg\" \/>\n\t<meta property=\"og:image:width\" content=\"1671\" \/>\n\t<meta property=\"og:image:height\" content=\"940\" \/>\n\t<meta property=\"og:image:type\" content=\"image\/jpeg\" \/>\n<meta name=\"twitter:card\" content=\"summary_large_image\" \/>\n<meta name=\"twitter:label1\" content=\"Tiempo de lectura\" \/>\n\t<meta name=\"twitter:data1\" content=\"2 minutos\" \/>\n<script type=\"application\/ld+json\" class=\"yoast-schema-graph\">{\"@context\":\"https:\/\/schema.org\",\"@graph\":[{\"@type\":\"WebPage\",\"@id\":\"https:\/\/ocupados.grupopiquer.com\/contenidos\/producto\/adgd371po-desarrollo-organizacional-coaching-de-equipos-25-horas\/\",\"url\":\"https:\/\/ocupados.grupopiquer.com\/contenidos\/producto\/adgd371po-desarrollo-organizacional-coaching-de-equipos-25-horas\/\",\"name\":\"ADGD371PO - Desarrollo Organizacional. Coaching de Equipos (25 horas) - Contenidos Online\",\"isPartOf\":{\"@id\":\"https:\/\/ocupados.grupopiquer.com\/contenidos\/#website\"},\"primaryImageOfPage\":{\"@id\":\"https:\/\/ocupados.grupopiquer.com\/contenidos\/producto\/adgd371po-desarrollo-organizacional-coaching-de-equipos-25-horas\/#primaryimage\"},\"image\":{\"@id\":\"https:\/\/ocupados.grupopiquer.com\/contenidos\/producto\/adgd371po-desarrollo-organizacional-coaching-de-equipos-25-horas\/#primaryimage\"},\"thumbnailUrl\":\"https:\/\/ocupados.grupopiquer.com\/contenidos\/wp-content\/uploads\/2023\/05\/WZDMQOSy3mvFewlh_-EmpBV0GDA-JhP0e-stock_image-e1683557815194.jpg\",\"datePublished\":\"2023-05-02T10:53:35+00:00\",\"dateModified\":\"2023-05-15T13:45:08+00:00\",\"breadcrumb\":{\"@id\":\"https:\/\/ocupados.grupopiquer.com\/contenidos\/producto\/adgd371po-desarrollo-organizacional-coaching-de-equipos-25-horas\/#breadcrumb\"},\"inLanguage\":\"es\",\"potentialAction\":[{\"@type\":\"ReadAction\",\"target\":[\"https:\/\/ocupados.grupopiquer.com\/contenidos\/producto\/adgd371po-desarrollo-organizacional-coaching-de-equipos-25-horas\/\"]}]},{\"@type\":\"ImageObject\",\"inLanguage\":\"es\",\"@id\":\"https:\/\/ocupados.grupopiquer.com\/contenidos\/producto\/adgd371po-desarrollo-organizacional-coaching-de-equipos-25-horas\/#primaryimage\",\"url\":\"https:\/\/ocupados.grupopiquer.com\/contenidos\/wp-content\/uploads\/2023\/05\/WZDMQOSy3mvFewlh_-EmpBV0GDA-JhP0e-stock_image-e1683557815194.jpg\",\"contentUrl\":\"https:\/\/ocupados.grupopiquer.com\/contenidos\/wp-content\/uploads\/2023\/05\/WZDMQOSy3mvFewlh_-EmpBV0GDA-JhP0e-stock_image-e1683557815194.jpg\",\"width\":1671,\"height\":940},{\"@type\":\"BreadcrumbList\",\"@id\":\"https:\/\/ocupados.grupopiquer.com\/contenidos\/producto\/adgd371po-desarrollo-organizacional-coaching-de-equipos-25-horas\/#breadcrumb\",\"itemListElement\":[{\"@type\":\"ListItem\",\"position\":1,\"name\":\"Portada\",\"item\":\"https:\/\/ocupados.grupopiquer.com\/contenidos\/\"},{\"@type\":\"ListItem\",\"position\":2,\"name\":\"Tienda\",\"item\":\"https:\/\/ocupados.grupopiquer.com\/contenidos\/tienda\/\"},{\"@type\":\"ListItem\",\"position\":3,\"name\":\"ADGD371PO &#8211; Desarrollo Organizacional. Coaching de Equipos (25 horas)\"}]},{\"@type\":\"WebSite\",\"@id\":\"https:\/\/ocupados.grupopiquer.com\/contenidos\/#website\",\"url\":\"https:\/\/ocupados.grupopiquer.com\/contenidos\/\",\"name\":\"Contenidos Online\",\"description\":\"\",\"publisher\":{\"@id\":\"https:\/\/ocupados.grupopiquer.com\/contenidos\/#organization\"},\"potentialAction\":[{\"@type\":\"SearchAction\",\"target\":{\"@type\":\"EntryPoint\",\"urlTemplate\":\"https:\/\/ocupados.grupopiquer.com\/contenidos\/?s={search_term_string}\"},\"query-input\":{\"@type\":\"PropertyValueSpecification\",\"valueRequired\":true,\"valueName\":\"search_term_string\"}}],\"inLanguage\":\"es\"},{\"@type\":\"Organization\",\"@id\":\"https:\/\/ocupados.grupopiquer.com\/contenidos\/#organization\",\"name\":\"Contenidos Online\",\"url\":\"https:\/\/ocupados.grupopiquer.com\/contenidos\/\",\"logo\":{\"@type\":\"ImageObject\",\"inLanguage\":\"es\",\"@id\":\"https:\/\/ocupados.grupopiquer.com\/contenidos\/#\/schema\/logo\/image\/\",\"url\":\"https:\/\/ocupados.grupopiquer.com\/contenidos\/wp-content\/uploads\/2024\/01\/Grupo-Piquer-COLOR-1.png\",\"contentUrl\":\"https:\/\/ocupados.grupopiquer.com\/contenidos\/wp-content\/uploads\/2024\/01\/Grupo-Piquer-COLOR-1.png\",\"width\":705,\"height\":270,\"caption\":\"Contenidos Online\"},\"image\":{\"@id\":\"https:\/\/ocupados.grupopiquer.com\/contenidos\/#\/schema\/logo\/image\/\"}}]}<\/script>\n<!-- \/ Yoast SEO plugin. -->","yoast_head_json":{"title":"ADGD371PO - Desarrollo Organizacional. Coaching de Equipos (25 horas) - Contenidos Online","robots":{"index":"index","follow":"follow","max-snippet":"max-snippet:-1","max-image-preview":"max-image-preview:large","max-video-preview":"max-video-preview:-1"},"canonical":"https:\/\/ocupados.grupopiquer.com\/contenidos\/producto\/adgd371po-desarrollo-organizacional-coaching-de-equipos-25-horas\/","og_locale":"es_ES","og_type":"article","og_title":"ADGD371PO - Desarrollo Organizacional. Coaching de Equipos (25 horas) - Contenidos Online","og_description":"Adquirir conocimientos sobre las herramientas para acompa\u00f1ar a un equipo de personas en el proceso de desarrollo, cambio y aprendizaje desde un enfoque sist\u00e9mico, con el fin de optimizar su desempe\u00f1o.","og_url":"https:\/\/ocupados.grupopiquer.com\/contenidos\/producto\/adgd371po-desarrollo-organizacional-coaching-de-equipos-25-horas\/","og_site_name":"Contenidos Online","article_modified_time":"2023-05-15T13:45:08+00:00","og_image":[{"width":1671,"height":940,"url":"https:\/\/ocupados.grupopiquer.com\/contenidos\/wp-content\/uploads\/2023\/05\/WZDMQOSy3mvFewlh_-EmpBV0GDA-JhP0e-stock_image-e1683557815194.jpg","type":"image\/jpeg"}],"twitter_card":"summary_large_image","twitter_misc":{"Tiempo de lectura":"2 minutos"},"schema":{"@context":"https:\/\/schema.org","@graph":[{"@type":"WebPage","@id":"https:\/\/ocupados.grupopiquer.com\/contenidos\/producto\/adgd371po-desarrollo-organizacional-coaching-de-equipos-25-horas\/","url":"https:\/\/ocupados.grupopiquer.com\/contenidos\/producto\/adgd371po-desarrollo-organizacional-coaching-de-equipos-25-horas\/","name":"ADGD371PO - Desarrollo Organizacional. Coaching de Equipos (25 horas) - Contenidos Online","isPartOf":{"@id":"https:\/\/ocupados.grupopiquer.com\/contenidos\/#website"},"primaryImageOfPage":{"@id":"https:\/\/ocupados.grupopiquer.com\/contenidos\/producto\/adgd371po-desarrollo-organizacional-coaching-de-equipos-25-horas\/#primaryimage"},"image":{"@id":"https:\/\/ocupados.grupopiquer.com\/contenidos\/producto\/adgd371po-desarrollo-organizacional-coaching-de-equipos-25-horas\/#primaryimage"},"thumbnailUrl":"https:\/\/ocupados.grupopiquer.com\/contenidos\/wp-content\/uploads\/2023\/05\/WZDMQOSy3mvFewlh_-EmpBV0GDA-JhP0e-stock_image-e1683557815194.jpg","datePublished":"2023-05-02T10:53:35+00:00","dateModified":"2023-05-15T13:45:08+00:00","breadcrumb":{"@id":"https:\/\/ocupados.grupopiquer.com\/contenidos\/producto\/adgd371po-desarrollo-organizacional-coaching-de-equipos-25-horas\/#breadcrumb"},"inLanguage":"es","potentialAction":[{"@type":"ReadAction","target":["https:\/\/ocupados.grupopiquer.com\/contenidos\/producto\/adgd371po-desarrollo-organizacional-coaching-de-equipos-25-horas\/"]}]},{"@type":"ImageObject","inLanguage":"es","@id":"https:\/\/ocupados.grupopiquer.com\/contenidos\/producto\/adgd371po-desarrollo-organizacional-coaching-de-equipos-25-horas\/#primaryimage","url":"https:\/\/ocupados.grupopiquer.com\/contenidos\/wp-content\/uploads\/2023\/05\/WZDMQOSy3mvFewlh_-EmpBV0GDA-JhP0e-stock_image-e1683557815194.jpg","contentUrl":"https:\/\/ocupados.grupopiquer.com\/contenidos\/wp-content\/uploads\/2023\/05\/WZDMQOSy3mvFewlh_-EmpBV0GDA-JhP0e-stock_image-e1683557815194.jpg","width":1671,"height":940},{"@type":"BreadcrumbList","@id":"https:\/\/ocupados.grupopiquer.com\/contenidos\/producto\/adgd371po-desarrollo-organizacional-coaching-de-equipos-25-horas\/#breadcrumb","itemListElement":[{"@type":"ListItem","position":1,"name":"Portada","item":"https:\/\/ocupados.grupopiquer.com\/contenidos\/"},{"@type":"ListItem","position":2,"name":"Tienda","item":"https:\/\/ocupados.grupopiquer.com\/contenidos\/tienda\/"},{"@type":"ListItem","position":3,"name":"ADGD371PO &#8211; Desarrollo Organizacional. Coaching de Equipos (25 horas)"}]},{"@type":"WebSite","@id":"https:\/\/ocupados.grupopiquer.com\/contenidos\/#website","url":"https:\/\/ocupados.grupopiquer.com\/contenidos\/","name":"Contenidos Online","description":"","publisher":{"@id":"https:\/\/ocupados.grupopiquer.com\/contenidos\/#organization"},"potentialAction":[{"@type":"SearchAction","target":{"@type":"EntryPoint","urlTemplate":"https:\/\/ocupados.grupopiquer.com\/contenidos\/?s={search_term_string}"},"query-input":{"@type":"PropertyValueSpecification","valueRequired":true,"valueName":"search_term_string"}}],"inLanguage":"es"},{"@type":"Organization","@id":"https:\/\/ocupados.grupopiquer.com\/contenidos\/#organization","name":"Contenidos Online","url":"https:\/\/ocupados.grupopiquer.com\/contenidos\/","logo":{"@type":"ImageObject","inLanguage":"es","@id":"https:\/\/ocupados.grupopiquer.com\/contenidos\/#\/schema\/logo\/image\/","url":"https:\/\/ocupados.grupopiquer.com\/contenidos\/wp-content\/uploads\/2024\/01\/Grupo-Piquer-COLOR-1.png","contentUrl":"https:\/\/ocupados.grupopiquer.com\/contenidos\/wp-content\/uploads\/2024\/01\/Grupo-Piquer-COLOR-1.png","width":705,"height":270,"caption":"Contenidos Online"},"image":{"@id":"https:\/\/ocupados.grupopiquer.com\/contenidos\/#\/schema\/logo\/image\/"}}]}},"jetpack_sharing_enabled":true,"_links":{"self":[{"href":"https:\/\/ocupados.grupopiquer.com\/contenidos\/wp-json\/wp\/v2\/product\/4366","targetHints":{"allow":["GET"]}}],"collection":[{"href":"https:\/\/ocupados.grupopiquer.com\/contenidos\/wp-json\/wp\/v2\/product"}],"about":[{"href":"https:\/\/ocupados.grupopiquer.com\/contenidos\/wp-json\/wp\/v2\/types\/product"}],"replies":[{"embeddable":true,"href":"https:\/\/ocupados.grupopiquer.com\/contenidos\/wp-json\/wp\/v2\/comments?post=4366"}],"wp:featuredmedia":[{"embeddable":true,"href":"https:\/\/ocupados.grupopiquer.com\/contenidos\/wp-json\/wp\/v2\/media\/5484"}],"wp:attachment":[{"href":"https:\/\/ocupados.grupopiquer.com\/contenidos\/wp-json\/wp\/v2\/media?parent=4366"}],"wp:term":[{"taxonomy":"product_brand","embeddable":true,"href":"https:\/\/ocupados.grupopiquer.com\/contenidos\/wp-json\/wp\/v2\/product_brand?post=4366"},{"taxonomy":"product_cat","embeddable":true,"href":"https:\/\/ocupados.grupopiquer.com\/contenidos\/wp-json\/wp\/v2\/product_cat?post=4366"},{"taxonomy":"product_tag","embeddable":true,"href":"https:\/\/ocupados.grupopiquer.com\/contenidos\/wp-json\/wp\/v2\/product_tag?post=4366"}],"curies":[{"name":"wp","href":"https:\/\/api.w.org\/{rel}","templated":true}]}}