{"id":4380,"date":"2023-05-02T10:54:49","date_gmt":"2023-05-02T10:54:49","guid":{"rendered":"https:\/\/ocupados.grupopiquer.com\/contenidos\/producto\/adgg025po-firma-electronica-las-nuevas-tecnologias-en-la-comunicacion-45-horas\/"},"modified":"2023-05-15T13:51:33","modified_gmt":"2023-05-15T13:51:33","slug":"adgg025po-firma-electronica-las-nuevas-tecnologias-en-la-comunicacion-45-horas","status":"publish","type":"product","link":"https:\/\/ocupados.grupopiquer.com\/contenidos\/producto\/adgg025po-firma-electronica-las-nuevas-tecnologias-en-la-comunicacion-45-horas\/","title":{"rendered":"ADGG025PO &#8211; Firma Electr\u00f3nica. Las Nuevas Tecnolog\u00edas en la Comunicaci\u00f3n (45 horas)"},"content":{"rendered":"<div id=\"accordion\">\n<h3>OBJETIVOS<\/h3>\n<div>Adquirir los conocimientos para la utilizaci\u00f3n de la firma y certificado electr\u00f3nico.<br \/>\nAprender los usos y utilidades que nos proporciona el DNI e.<\/div>\n<h3>CONTENIDOS<\/h3>\n<div>1. LA FIRMA ELECTR\u00d3NICA.<br \/>\n1.1. R\u00e9gimen jur\u00eddico aplicable.<br \/>\n1.2. Concepto.<br \/>\n1.3. Tipos de firma.<br \/>\n1.4. Usos.<br \/>\n1.5. Formatos.<br \/>\n1.6. Dispositivos de firma.<br \/>\n1.7. Sistema de Certificaci\u00f3n de prestadores de servicios de certificaci\u00f3n y dispositivos de servicios de firma electr\u00f3nica.<br \/>\n1.8. La firma electr\u00f3nica como medio de prueba en juicio.<br \/>\n1.9. Documentos firmados electr\u00f3nicamente.<br \/>\n1.10. Servicios de Certificaci\u00f3n.<br \/>\n1.11. Concepto de prestadores de servicios de certificaci\u00f3n sujeto a la Ley.<br \/>\n1.12. Infracciones y sanciones.<\/p>\n<p>2. CERTIFICADO ELECTR\u00d3NICO<br \/>\n2.1. Certificado Electr\u00f3nico.<br \/>\n&#8211; Tipos.<br \/>\n&#8211; Clases.<br \/>\n2.2. Entidades Emisoras de Certificados Electr\u00f3nico.<br \/>\n2.3. Procedimiento de obtenci\u00f3n de un Certificado Electr\u00f3nico.<br \/>\n2.4. La confidencialidad del Certificado Electr\u00f3nico.<br \/>\n2.5. Extinci\u00f3n de la vigencia de Certificado Electr\u00f3nico.<br \/>\n2.6. Certificados Reconocidos.<\/p>\n<p>3. EL DOCUMENTO NACIONAL DE IDENTIDAD ELECTR\u00d3NICO<br \/>\n3.1. Introducci\u00f3n.<br \/>\n3.2. R\u00e9gimen Jur\u00eddico Aplicable.<br \/>\n3.3. Aspectos Comunes del DNI y DNIe.<br \/>\n3.4. Documento Nacional de Identidad Electr\u00f3nico.<\/p>\n<p>4. RELACIONES TELEM\u00c1TICAS CON LA ADMINISTRACI\u00d3N<br \/>\n4.1. Relaciones telem\u00e1ticas entre la Administraci\u00f3n P\u00fablicas y los ciudadanos.<br \/>\n4.2. Expediente electr\u00f3nico.<br \/>\n4.3. Notificaciones electr\u00f3nicas<\/p>\n<\/div>\n<\/div>\n","protected":false},"excerpt":{"rendered":"<p>Adquirir los conocimientos para la utilizaci\u00f3n de la firma y certificado electr\u00f3nico.<br \/>\nAprender los usos y utilidades que nos proporciona el DNI e.<\/p>\n","protected":false},"featured_media":5518,"comment_status":"closed","ping_status":"closed","template":"","meta":{"site-sidebar-layout":"default","site-content-layout":"","ast-site-content-layout":"","site-content-style":"default","site-sidebar-style":"default","ast-global-header-display":"","ast-banner-title-visibility":"","ast-main-header-display":"","ast-hfb-above-header-display":"","ast-hfb-below-header-display":"","ast-hfb-mobile-header-display":"","site-post-title":"","ast-breadcrumbs-content":"","ast-featured-img":"","footer-sml-layout":"","theme-transparent-header-meta":"","adv-header-id-meta":"","stick-header-meta":"","header-above-stick-meta":"","header-main-stick-meta":"","header-below-stick-meta":"","astra-migrate-meta-layouts":"default","ast-page-background-enabled":"default","ast-page-background-meta":{"desktop":{"background-color":"var(--ast-global-color-4)","background-image":"","background-repeat":"repeat","background-position":"center center","background-size":"auto","background-attachment":"scroll","background-type":"","background-media":"","overlay-type":"","overlay-color":"","overlay-opacity":"","overlay-gradient":""},"tablet":{"background-color":"","background-image":"","background-repeat":"repeat","background-position":"center center","background-size":"auto","background-attachment":"scroll","background-type":"","background-media":"","overlay-type":"","overlay-color":"","overlay-opacity":"","overlay-gradient":""},"mobile":{"background-color":"","background-image":"","background-repeat":"repeat","background-position":"center center","background-size":"auto","background-attachment":"scroll","background-type":"","background-media":"","overlay-type":"","overlay-color":"","overlay-opacity":"","overlay-gradient":""}},"ast-content-background-meta":{"desktop":{"background-color":"var(--ast-global-color-5)","background-image":"","background-repeat":"repeat","background-position":"center center","background-size":"auto","background-attachment":"scroll","background-type":"","background-media":"","overlay-type":"","overlay-color":"","overlay-opacity":"","overlay-gradient":""},"tablet":{"background-color":"var(--ast-global-color-5)","background-image":"","background-repeat":"repeat","background-position":"center center","background-size":"auto","background-attachment":"scroll","background-type":"","background-media":"","overlay-type":"","overlay-color":"","overlay-opacity":"","overlay-gradient":""},"mobile":{"background-color":"var(--ast-global-color-5)","background-image":"","background-repeat":"repeat","background-position":"center center","background-size":"auto","background-attachment":"scroll","background-type":"","background-media":"","overlay-type":"","overlay-color":"","overlay-opacity":"","overlay-gradient":""}}},"product_brand":[],"product_cat":[125],"product_tag":[],"class_list":{"0":"post-4380","1":"product","2":"type-product","3":"status-publish","4":"has-post-thumbnail","6":"product_cat-gestion-de-la-informacion-y-comunicacion","7":"desktop-align-left","8":"tablet-align-left","9":"mobile-align-left","11":"first","12":"instock","13":"taxable","14":"shipping-taxable","15":"purchasable","16":"product-type-simple"},"yoast_head":"<!-- This site is optimized with the Yoast SEO plugin v25.1 - https:\/\/yoast.com\/wordpress\/plugins\/seo\/ -->\n<title>ADGG025PO - Firma Electr\u00f3nica. Las Nuevas Tecnolog\u00edas en la Comunicaci\u00f3n (45 horas) - Contenidos Online<\/title>\n<meta name=\"robots\" content=\"index, follow, max-snippet:-1, max-image-preview:large, max-video-preview:-1\" \/>\n<link rel=\"canonical\" href=\"https:\/\/ocupados.grupopiquer.com\/contenidos\/producto\/adgg025po-firma-electronica-las-nuevas-tecnologias-en-la-comunicacion-45-horas\/\" \/>\n<meta property=\"og:locale\" content=\"es_ES\" \/>\n<meta property=\"og:type\" content=\"article\" \/>\n<meta property=\"og:title\" content=\"ADGG025PO - Firma Electr\u00f3nica. Las Nuevas Tecnolog\u00edas en la Comunicaci\u00f3n (45 horas) - Contenidos Online\" \/>\n<meta property=\"og:description\" content=\"Adquirir los conocimientos para la utilizaci\u00f3n de la firma y certificado electr\u00f3nico. Aprender los usos y utilidades que nos proporciona el DNI e.\" \/>\n<meta property=\"og:url\" content=\"https:\/\/ocupados.grupopiquer.com\/contenidos\/producto\/adgg025po-firma-electronica-las-nuevas-tecnologias-en-la-comunicacion-45-horas\/\" \/>\n<meta property=\"og:site_name\" content=\"Contenidos Online\" \/>\n<meta property=\"article:modified_time\" content=\"2023-05-15T13:51:33+00:00\" \/>\n<meta property=\"og:image\" content=\"https:\/\/ocupados.grupopiquer.com\/contenidos\/wp-content\/uploads\/2023\/05\/NEF_06FrlCeldygx_7xonmafV-Beg68EO-e1683560660203.jpg\" \/>\n\t<meta property=\"og:image:width\" content=\"1680\" \/>\n\t<meta property=\"og:image:height\" content=\"944\" \/>\n\t<meta property=\"og:image:type\" content=\"image\/jpeg\" \/>\n<meta name=\"twitter:card\" content=\"summary_large_image\" \/>\n<meta name=\"twitter:label1\" content=\"Tiempo de lectura\" \/>\n\t<meta name=\"twitter:data1\" content=\"1 minuto\" \/>\n<script type=\"application\/ld+json\" class=\"yoast-schema-graph\">{\"@context\":\"https:\/\/schema.org\",\"@graph\":[{\"@type\":\"WebPage\",\"@id\":\"https:\/\/ocupados.grupopiquer.com\/contenidos\/producto\/adgg025po-firma-electronica-las-nuevas-tecnologias-en-la-comunicacion-45-horas\/\",\"url\":\"https:\/\/ocupados.grupopiquer.com\/contenidos\/producto\/adgg025po-firma-electronica-las-nuevas-tecnologias-en-la-comunicacion-45-horas\/\",\"name\":\"ADGG025PO - Firma Electr\u00f3nica. Las Nuevas Tecnolog\u00edas en la Comunicaci\u00f3n (45 horas) - Contenidos Online\",\"isPartOf\":{\"@id\":\"https:\/\/ocupados.grupopiquer.com\/contenidos\/#website\"},\"primaryImageOfPage\":{\"@id\":\"https:\/\/ocupados.grupopiquer.com\/contenidos\/producto\/adgg025po-firma-electronica-las-nuevas-tecnologias-en-la-comunicacion-45-horas\/#primaryimage\"},\"image\":{\"@id\":\"https:\/\/ocupados.grupopiquer.com\/contenidos\/producto\/adgg025po-firma-electronica-las-nuevas-tecnologias-en-la-comunicacion-45-horas\/#primaryimage\"},\"thumbnailUrl\":\"https:\/\/ocupados.grupopiquer.com\/contenidos\/wp-content\/uploads\/2023\/05\/NEF_06FrlCeldygx_7xonmafV-Beg68EO-e1683560660203.jpg\",\"datePublished\":\"2023-05-02T10:54:49+00:00\",\"dateModified\":\"2023-05-15T13:51:33+00:00\",\"breadcrumb\":{\"@id\":\"https:\/\/ocupados.grupopiquer.com\/contenidos\/producto\/adgg025po-firma-electronica-las-nuevas-tecnologias-en-la-comunicacion-45-horas\/#breadcrumb\"},\"inLanguage\":\"es\",\"potentialAction\":[{\"@type\":\"ReadAction\",\"target\":[\"https:\/\/ocupados.grupopiquer.com\/contenidos\/producto\/adgg025po-firma-electronica-las-nuevas-tecnologias-en-la-comunicacion-45-horas\/\"]}]},{\"@type\":\"ImageObject\",\"inLanguage\":\"es\",\"@id\":\"https:\/\/ocupados.grupopiquer.com\/contenidos\/producto\/adgg025po-firma-electronica-las-nuevas-tecnologias-en-la-comunicacion-45-horas\/#primaryimage\",\"url\":\"https:\/\/ocupados.grupopiquer.com\/contenidos\/wp-content\/uploads\/2023\/05\/NEF_06FrlCeldygx_7xonmafV-Beg68EO-e1683560660203.jpg\",\"contentUrl\":\"https:\/\/ocupados.grupopiquer.com\/contenidos\/wp-content\/uploads\/2023\/05\/NEF_06FrlCeldygx_7xonmafV-Beg68EO-e1683560660203.jpg\",\"width\":1680,\"height\":944},{\"@type\":\"BreadcrumbList\",\"@id\":\"https:\/\/ocupados.grupopiquer.com\/contenidos\/producto\/adgg025po-firma-electronica-las-nuevas-tecnologias-en-la-comunicacion-45-horas\/#breadcrumb\",\"itemListElement\":[{\"@type\":\"ListItem\",\"position\":1,\"name\":\"Portada\",\"item\":\"https:\/\/ocupados.grupopiquer.com\/contenidos\/\"},{\"@type\":\"ListItem\",\"position\":2,\"name\":\"Tienda\",\"item\":\"https:\/\/ocupados.grupopiquer.com\/contenidos\/tienda\/\"},{\"@type\":\"ListItem\",\"position\":3,\"name\":\"ADGG025PO &#8211; Firma Electr\u00f3nica. Las Nuevas Tecnolog\u00edas en la Comunicaci\u00f3n (45 horas)\"}]},{\"@type\":\"WebSite\",\"@id\":\"https:\/\/ocupados.grupopiquer.com\/contenidos\/#website\",\"url\":\"https:\/\/ocupados.grupopiquer.com\/contenidos\/\",\"name\":\"Contenidos Online\",\"description\":\"\",\"publisher\":{\"@id\":\"https:\/\/ocupados.grupopiquer.com\/contenidos\/#organization\"},\"potentialAction\":[{\"@type\":\"SearchAction\",\"target\":{\"@type\":\"EntryPoint\",\"urlTemplate\":\"https:\/\/ocupados.grupopiquer.com\/contenidos\/?s={search_term_string}\"},\"query-input\":{\"@type\":\"PropertyValueSpecification\",\"valueRequired\":true,\"valueName\":\"search_term_string\"}}],\"inLanguage\":\"es\"},{\"@type\":\"Organization\",\"@id\":\"https:\/\/ocupados.grupopiquer.com\/contenidos\/#organization\",\"name\":\"Contenidos Online\",\"url\":\"https:\/\/ocupados.grupopiquer.com\/contenidos\/\",\"logo\":{\"@type\":\"ImageObject\",\"inLanguage\":\"es\",\"@id\":\"https:\/\/ocupados.grupopiquer.com\/contenidos\/#\/schema\/logo\/image\/\",\"url\":\"https:\/\/ocupados.grupopiquer.com\/contenidos\/wp-content\/uploads\/2024\/01\/Grupo-Piquer-COLOR-1.png\",\"contentUrl\":\"https:\/\/ocupados.grupopiquer.com\/contenidos\/wp-content\/uploads\/2024\/01\/Grupo-Piquer-COLOR-1.png\",\"width\":705,\"height\":270,\"caption\":\"Contenidos Online\"},\"image\":{\"@id\":\"https:\/\/ocupados.grupopiquer.com\/contenidos\/#\/schema\/logo\/image\/\"}}]}<\/script>\n<!-- \/ Yoast SEO plugin. -->","yoast_head_json":{"title":"ADGG025PO - Firma Electr\u00f3nica. Las Nuevas Tecnolog\u00edas en la Comunicaci\u00f3n (45 horas) - Contenidos Online","robots":{"index":"index","follow":"follow","max-snippet":"max-snippet:-1","max-image-preview":"max-image-preview:large","max-video-preview":"max-video-preview:-1"},"canonical":"https:\/\/ocupados.grupopiquer.com\/contenidos\/producto\/adgg025po-firma-electronica-las-nuevas-tecnologias-en-la-comunicacion-45-horas\/","og_locale":"es_ES","og_type":"article","og_title":"ADGG025PO - Firma Electr\u00f3nica. Las Nuevas Tecnolog\u00edas en la Comunicaci\u00f3n (45 horas) - Contenidos Online","og_description":"Adquirir los conocimientos para la utilizaci\u00f3n de la firma y certificado electr\u00f3nico. Aprender los usos y utilidades que nos proporciona el DNI e.","og_url":"https:\/\/ocupados.grupopiquer.com\/contenidos\/producto\/adgg025po-firma-electronica-las-nuevas-tecnologias-en-la-comunicacion-45-horas\/","og_site_name":"Contenidos Online","article_modified_time":"2023-05-15T13:51:33+00:00","og_image":[{"width":1680,"height":944,"url":"https:\/\/ocupados.grupopiquer.com\/contenidos\/wp-content\/uploads\/2023\/05\/NEF_06FrlCeldygx_7xonmafV-Beg68EO-e1683560660203.jpg","type":"image\/jpeg"}],"twitter_card":"summary_large_image","twitter_misc":{"Tiempo de lectura":"1 minuto"},"schema":{"@context":"https:\/\/schema.org","@graph":[{"@type":"WebPage","@id":"https:\/\/ocupados.grupopiquer.com\/contenidos\/producto\/adgg025po-firma-electronica-las-nuevas-tecnologias-en-la-comunicacion-45-horas\/","url":"https:\/\/ocupados.grupopiquer.com\/contenidos\/producto\/adgg025po-firma-electronica-las-nuevas-tecnologias-en-la-comunicacion-45-horas\/","name":"ADGG025PO - Firma Electr\u00f3nica. Las Nuevas Tecnolog\u00edas en la Comunicaci\u00f3n (45 horas) - Contenidos Online","isPartOf":{"@id":"https:\/\/ocupados.grupopiquer.com\/contenidos\/#website"},"primaryImageOfPage":{"@id":"https:\/\/ocupados.grupopiquer.com\/contenidos\/producto\/adgg025po-firma-electronica-las-nuevas-tecnologias-en-la-comunicacion-45-horas\/#primaryimage"},"image":{"@id":"https:\/\/ocupados.grupopiquer.com\/contenidos\/producto\/adgg025po-firma-electronica-las-nuevas-tecnologias-en-la-comunicacion-45-horas\/#primaryimage"},"thumbnailUrl":"https:\/\/ocupados.grupopiquer.com\/contenidos\/wp-content\/uploads\/2023\/05\/NEF_06FrlCeldygx_7xonmafV-Beg68EO-e1683560660203.jpg","datePublished":"2023-05-02T10:54:49+00:00","dateModified":"2023-05-15T13:51:33+00:00","breadcrumb":{"@id":"https:\/\/ocupados.grupopiquer.com\/contenidos\/producto\/adgg025po-firma-electronica-las-nuevas-tecnologias-en-la-comunicacion-45-horas\/#breadcrumb"},"inLanguage":"es","potentialAction":[{"@type":"ReadAction","target":["https:\/\/ocupados.grupopiquer.com\/contenidos\/producto\/adgg025po-firma-electronica-las-nuevas-tecnologias-en-la-comunicacion-45-horas\/"]}]},{"@type":"ImageObject","inLanguage":"es","@id":"https:\/\/ocupados.grupopiquer.com\/contenidos\/producto\/adgg025po-firma-electronica-las-nuevas-tecnologias-en-la-comunicacion-45-horas\/#primaryimage","url":"https:\/\/ocupados.grupopiquer.com\/contenidos\/wp-content\/uploads\/2023\/05\/NEF_06FrlCeldygx_7xonmafV-Beg68EO-e1683560660203.jpg","contentUrl":"https:\/\/ocupados.grupopiquer.com\/contenidos\/wp-content\/uploads\/2023\/05\/NEF_06FrlCeldygx_7xonmafV-Beg68EO-e1683560660203.jpg","width":1680,"height":944},{"@type":"BreadcrumbList","@id":"https:\/\/ocupados.grupopiquer.com\/contenidos\/producto\/adgg025po-firma-electronica-las-nuevas-tecnologias-en-la-comunicacion-45-horas\/#breadcrumb","itemListElement":[{"@type":"ListItem","position":1,"name":"Portada","item":"https:\/\/ocupados.grupopiquer.com\/contenidos\/"},{"@type":"ListItem","position":2,"name":"Tienda","item":"https:\/\/ocupados.grupopiquer.com\/contenidos\/tienda\/"},{"@type":"ListItem","position":3,"name":"ADGG025PO &#8211; Firma Electr\u00f3nica. Las Nuevas Tecnolog\u00edas en la Comunicaci\u00f3n (45 horas)"}]},{"@type":"WebSite","@id":"https:\/\/ocupados.grupopiquer.com\/contenidos\/#website","url":"https:\/\/ocupados.grupopiquer.com\/contenidos\/","name":"Contenidos Online","description":"","publisher":{"@id":"https:\/\/ocupados.grupopiquer.com\/contenidos\/#organization"},"potentialAction":[{"@type":"SearchAction","target":{"@type":"EntryPoint","urlTemplate":"https:\/\/ocupados.grupopiquer.com\/contenidos\/?s={search_term_string}"},"query-input":{"@type":"PropertyValueSpecification","valueRequired":true,"valueName":"search_term_string"}}],"inLanguage":"es"},{"@type":"Organization","@id":"https:\/\/ocupados.grupopiquer.com\/contenidos\/#organization","name":"Contenidos Online","url":"https:\/\/ocupados.grupopiquer.com\/contenidos\/","logo":{"@type":"ImageObject","inLanguage":"es","@id":"https:\/\/ocupados.grupopiquer.com\/contenidos\/#\/schema\/logo\/image\/","url":"https:\/\/ocupados.grupopiquer.com\/contenidos\/wp-content\/uploads\/2024\/01\/Grupo-Piquer-COLOR-1.png","contentUrl":"https:\/\/ocupados.grupopiquer.com\/contenidos\/wp-content\/uploads\/2024\/01\/Grupo-Piquer-COLOR-1.png","width":705,"height":270,"caption":"Contenidos Online"},"image":{"@id":"https:\/\/ocupados.grupopiquer.com\/contenidos\/#\/schema\/logo\/image\/"}}]}},"jetpack_sharing_enabled":true,"_links":{"self":[{"href":"https:\/\/ocupados.grupopiquer.com\/contenidos\/wp-json\/wp\/v2\/product\/4380","targetHints":{"allow":["GET"]}}],"collection":[{"href":"https:\/\/ocupados.grupopiquer.com\/contenidos\/wp-json\/wp\/v2\/product"}],"about":[{"href":"https:\/\/ocupados.grupopiquer.com\/contenidos\/wp-json\/wp\/v2\/types\/product"}],"replies":[{"embeddable":true,"href":"https:\/\/ocupados.grupopiquer.com\/contenidos\/wp-json\/wp\/v2\/comments?post=4380"}],"wp:featuredmedia":[{"embeddable":true,"href":"https:\/\/ocupados.grupopiquer.com\/contenidos\/wp-json\/wp\/v2\/media\/5518"}],"wp:attachment":[{"href":"https:\/\/ocupados.grupopiquer.com\/contenidos\/wp-json\/wp\/v2\/media?parent=4380"}],"wp:term":[{"taxonomy":"product_brand","embeddable":true,"href":"https:\/\/ocupados.grupopiquer.com\/contenidos\/wp-json\/wp\/v2\/product_brand?post=4380"},{"taxonomy":"product_cat","embeddable":true,"href":"https:\/\/ocupados.grupopiquer.com\/contenidos\/wp-json\/wp\/v2\/product_cat?post=4380"},{"taxonomy":"product_tag","embeddable":true,"href":"https:\/\/ocupados.grupopiquer.com\/contenidos\/wp-json\/wp\/v2\/product_tag?post=4380"}],"curies":[{"name":"wp","href":"https:\/\/api.w.org\/{rel}","templated":true}]}}