{"id":4394,"date":"2023-05-02T10:56:10","date_gmt":"2023-05-02T10:56:10","guid":{"rendered":"https:\/\/ocupados.grupopiquer.com\/contenidos\/producto\/adgg055po-ofimatica-en-la-nube-google-drive-100-horas\/"},"modified":"2023-05-17T08:39:45","modified_gmt":"2023-05-17T08:39:45","slug":"adgg055po-ofimatica-en-la-nube-google-drive-100-horas","status":"publish","type":"product","link":"https:\/\/ocupados.grupopiquer.com\/contenidos\/producto\/adgg055po-ofimatica-en-la-nube-google-drive-100-horas\/","title":{"rendered":"ADGG055PO &#8211; Ofim\u00e1tica en la Nube: Google Drive (100 horas)"},"content":{"rendered":"<div id=\"accordion\">\n<h3>OBJETIVOS<\/h3>\n<div>Crear y gestionar de forma eficaz todos los tipos de documentos necesarios en la gesti\u00f3n ofim\u00e1tica en la nube de Google.<\/div>\n<h3>CONTENIDOS<\/h3>\n<div>1. INTRODUCCI\u00d3N A GOOGLE DRIVE<br \/>\n1.1. Pre\u00e1mbulo.<br \/>\n1.2. Cuesti\u00f3n pr\u00e1ctica.<br \/>\n1.3. Qu\u00e9 es y qu\u00e9 hace Google Drive.<br \/>\n1.4. Paquete de aplicaciones de ofim\u00e1tica.<br \/>\n1.5. Computaci\u00f3n en la nube.<br \/>\n1.5.1. En la nube de Google.<br \/>\n1.6. Colaboraci\u00f3n.<br \/>\n1.7. Accesibilidad.<br \/>\n1.8. Edici\u00f3n simult\u00e1nea en tiempo real.<br \/>\n1.9. Seguridad.<br \/>\n1.10. Control.<br \/>\n1.11. Guardados, restaurar y revisiones.<br \/>\n1.12. Plataformas y dispositivos.<br \/>\n1.13. Formatos.<br \/>\n1.13.1. Formato de Google Drive.<br \/>\n1.13.2. Formatos de ofim\u00e1tica.<br \/>\n1.13.3. Otros formatos.<br \/>\n1.14. Gratis.<br \/>\n1.15. Conclusiones.<\/p>\n<p>2. COMENZAR EN GOOGLE DRIVE<br \/>\n2.1. Requisitos.<br \/>\n2.1.1. Crear una cuenta de Google disponiendo de un correo electr\u00f3nico de otro proveedor.<br \/>\n2.1.2. Crear una cuenta de Google desde una cuenta de Gmail.<br \/>\n2.2. Versiones.<br \/>\n2.3. Aplicaciones incluidas en Google Drive.<br \/>\n2.3.1. Documentos.<br \/>\n2.3.2. Presentaciones.<br \/>\n2.3.3. Hojas de c\u00e1lculo.<br \/>\n2.3.4. Formularios.<br \/>\n2.3.5. Dibujos.<br \/>\n2.4. Evoluci\u00f3n.<br \/>\n2.5. Navegadores.<\/p>\n<p>3. INTRODUCCI\u00d3N AL ESPACIO DE TRABAJO DE GOOGLE DRIVE<br \/>\n3.1. Acceso a los servicios de Google.<br \/>\n3.1.1. Gmail.<br \/>\n3.1.2. Calendar.<br \/>\n3.1.3. Drive.<br \/>\n3.1.4. Fotos.<br \/>\n3.1.5. Reader.<br \/>\n3.1.6. B\u00fasqueda.<br \/>\n3.1.7. M\u00e1s y mucho m\u00e1s.<br \/>\n3.2. Configuraciones del perfil y la cuenta de Google.<br \/>\n3.2.1. Perfil.<br \/>\n3.2.2. Configuraci\u00f3n de cuenta.<br \/>\n3.3. B\u00fasqueda, organizaci\u00f3n y filtrado en Google Drive.<br \/>\n3.4. Panel de navegaci\u00f3n.<br \/>\n3.4. 1. Mi unidad.<br \/>\n3.5. Panel principal.<br \/>\n3.6. Visualizaci\u00f3n y configuraciones.<\/p>\n<p>4. SERVICIOS ADICIONALES DE GOOGLE<br \/>\n4.1. Gmail<br \/>\n4.1.1. Sin carpetas.<br \/>\n4.1.2. Conversaciones.<br \/>\n4.1.3. Entorno de trabajo.<br \/>\n4.1.4. Avanzado: operadores.<br \/>\n4.2. Calendar.<br \/>\n4.2.1. Calendarios.<br \/>\n4.2.2. Integraci\u00f3n con Gmail.<br \/>\n4.2.3. Entorno de trabajo.<br \/>\n4.2.4. Crear eventos.<br \/>\n4.2.5. Crear espacios para citas.<br \/>\n4.3. Fotos.<br \/>\n4.3.1. \u00c1lbumes web.<br \/>\n4.3.2. Picasa.<br \/>\n4.3.3. Gesti\u00f3n de fotos.<br \/>\n4.3.4. Herramientas.<br \/>\n4.4. Reader.<br \/>\n4.4.1. Feeds.<br \/>\n4.4.2. Entorno de trabajo.<br \/>\n4.4.3. Suscripciones.<br \/>\n4.5. B\u00fasqueda<br \/>\n4.5.1. B\u00fasqueda avanzada.<br \/>\n4.6. M\u00e1s y mucho m\u00e1s.<\/p>\n<p>5. GESTI\u00d3N AVANZADA DE LA VENTANA DE INICIO DE GOOGLE DRIVE<br \/>\n5.1. Gesti\u00f3n avanzada de la ventana de inicio de Google Drive.<br \/>\n5.2. Gesti\u00f3n avanzada del panel de navegaci\u00f3n.<br \/>\n5.3. Gesti\u00f3n avanzada del panel principal<br \/>\n5. 4. Abrir carpetas.<br \/>\n5.5. Conclusi\u00f3n.<\/p>\n<p>6. MI UNIDAD EN GOOGLE DRIVE<br \/>\n6.1. Crear carpetas.<br \/>\n6.2. Organizar carpetas.<br \/>\n6.3. Eliminar carpetas.<\/p>\n<p>7. GESTI\u00d3N DE LOS ARCHIVOS EN GOOGLE DRIVE<br \/>\n7.1. Gesti\u00f3n de los archivos en Google Drive.<br \/>\n7.2. Descargar archivos.<br \/>\n7.3. Clasificar archivos.<br \/>\n7.4. Ordenar archivos.<br \/>\n7.5. Renombrar archivos.<br \/>\n7.6. Eliminar archivos.<\/p>\n<p>8. CREACI\u00d3N Y EDICI\u00d3N B\u00c1SICA EN GOOGLE DOCUMENTOS<br \/>\n8.1. Creaci\u00f3n y edici\u00f3n b\u00e1sica en Google Documentos.<br \/>\n8.2. Restricciones.<br \/>\n8.3. Men\u00fa Ver.<br \/>\n8.4. Men\u00fa Editar.<br \/>\n8.5. Barra de herramientas de formato.<br \/>\n8.6. Men\u00fa Formato.<br \/>\n8.7. Conclusi\u00f3n.<\/p>\n<p>9. EDICI\u00d3N AVANZADA EN GOOGLE DOCUMENTOS<br \/>\n9.1. Edici\u00f3n avanzada en Google Documentos.<br \/>\n9.2. Insertar im\u00e1genes.<br \/>\n9.3. Insertar enlaces.<br \/>\n9.4. Insertar tablas.<br \/>\n9.5. Insertar opciones de formato de p\u00e1gina.<br \/>\n9.6. Insertar otros elementos.<br \/>\n9.7. Configuraci\u00f3n de p\u00e1gina.<br \/>\n9.8. Configuraci\u00f3n de impresi\u00f3n.<\/p>\n<p>10. CREACI\u00d3N Y EDICI\u00d3N B\u00c1SICA EN GOOGLE PRESENTACIONES<br \/>\n10.1. Creaci\u00f3n y edici\u00f3n b\u00e1sica en Google Presentaciones.<br \/>\n10.2. Importar diapositivas.<br \/>\n10.3. Panel de navegaci\u00f3n.<br \/>\n10.4. Men\u00fa Editar.<br \/>\n10.5. Barra de herramientas de formato.<br \/>\n10.6. Insertar formas de texto.<br \/>\n10.7. Insertar im\u00e1genes.<br \/>\n10.8. Conclusi\u00f3n.<\/p>\n<p>11. EDICI\u00d3N AVANZADA EN GOOGLE PRESENTACIONES<br \/>\n11.1. Edici\u00f3n avanzada en Google Presentaciones.<br \/>\n11.2. Panel de navegaci\u00f3n avanzado.<br \/>\n11.3. Formato de texto.<br \/>\n11.4. Men\u00fa Disponer.<br \/>\n11.5. Configuraci\u00f3n de la presentaci\u00f3n.<br \/>\n11.6. Men\u00fa Insertar.<br \/>\n11.7. Notas del ponente.<br \/>\n11.8. Animaciones.<br \/>\n11.9. Proyecciones.<br \/>\n11.10. Imprimir presentaciones.<\/p>\n<p>12. CREACI\u00d3N Y EDICI\u00d3N B\u00c1SICA EN GOOGLE HOJAS DE C\u00c1LCULO<br \/>\n12.1. Creaci\u00f3n y edici\u00f3n b\u00e1sica en Google Hojas de C\u00e1lculo.<br \/>\n12.2. Restricciones.<br \/>\n12.3. Navegaci\u00f3n.<br \/>\n12.4. Formato de celdas para texto.<br \/>\n12.5. Formato de celdas para n\u00fameros.<br \/>\n12.6. Formato de filas y columnas.<br \/>\n12.7. F\u00f3rmulas y funciones.<br \/>\n12.8. Configuraci\u00f3n de impresi\u00f3n\n<\/p><\/div>\n<\/div>\n","protected":false},"excerpt":{"rendered":"<p>Crear y gestionar de forma eficaz todos los tipos de documentos necesarios en la gesti\u00f3n ofim\u00e1tica en la nube de Google.<\/p>\n","protected":false},"featured_media":5496,"comment_status":"closed","ping_status":"closed","template":"","meta":{"site-sidebar-layout":"default","site-content-layout":"","ast-site-content-layout":"","site-content-style":"default","site-sidebar-style":"default","ast-global-header-display":"","ast-banner-title-visibility":"","ast-main-header-display":"","ast-hfb-above-header-display":"","ast-hfb-below-header-display":"","ast-hfb-mobile-header-display":"","site-post-title":"","ast-breadcrumbs-content":"","ast-featured-img":"","footer-sml-layout":"","theme-transparent-header-meta":"","adv-header-id-meta":"","stick-header-meta":"","header-above-stick-meta":"","header-main-stick-meta":"","header-below-stick-meta":"","astra-migrate-meta-layouts":"default","ast-page-background-enabled":"default","ast-page-background-meta":{"desktop":{"background-color":"var(--ast-global-color-4)","background-image":"","background-repeat":"repeat","background-position":"center center","background-size":"auto","background-attachment":"scroll","background-type":"","background-media":"","overlay-type":"","overlay-color":"","overlay-opacity":"","overlay-gradient":""},"tablet":{"background-color":"","background-image":"","background-repeat":"repeat","background-position":"center center","background-size":"auto","background-attachment":"scroll","background-type":"","background-media":"","overlay-type":"","overlay-color":"","overlay-opacity":"","overlay-gradient":""},"mobile":{"background-color":"","background-image":"","background-repeat":"repeat","background-position":"center center","background-size":"auto","background-attachment":"scroll","background-type":"","background-media":"","overlay-type":"","overlay-color":"","overlay-opacity":"","overlay-gradient":""}},"ast-content-background-meta":{"desktop":{"background-color":"var(--ast-global-color-5)","background-image":"","background-repeat":"repeat","background-position":"center center","background-size":"auto","background-attachment":"scroll","background-type":"","background-media":"","overlay-type":"","overlay-color":"","overlay-opacity":"","overlay-gradient":""},"tablet":{"background-color":"var(--ast-global-color-5)","background-image":"","background-repeat":"repeat","background-position":"center center","background-size":"auto","background-attachment":"scroll","background-type":"","background-media":"","overlay-type":"","overlay-color":"","overlay-opacity":"","overlay-gradient":""},"mobile":{"background-color":"var(--ast-global-color-5)","background-image":"","background-repeat":"repeat","background-position":"center center","background-size":"auto","background-attachment":"scroll","background-type":"","background-media":"","overlay-type":"","overlay-color":"","overlay-opacity":"","overlay-gradient":""}}},"product_brand":[],"product_cat":[125],"product_tag":[],"class_list":{"0":"post-4394","1":"product","2":"type-product","3":"status-publish","4":"has-post-thumbnail","6":"product_cat-gestion-de-la-informacion-y-comunicacion","7":"desktop-align-left","8":"tablet-align-left","9":"mobile-align-left","11":"first","12":"instock","13":"taxable","14":"shipping-taxable","15":"purchasable","16":"product-type-simple"},"yoast_head":"<!-- This site is optimized with the Yoast SEO plugin v25.1 - https:\/\/yoast.com\/wordpress\/plugins\/seo\/ -->\n<title>ADGG055PO - Ofim\u00e1tica en la Nube: Google Drive (100 horas) - Contenidos Online<\/title>\n<meta name=\"robots\" content=\"index, follow, max-snippet:-1, max-image-preview:large, max-video-preview:-1\" \/>\n<link rel=\"canonical\" href=\"https:\/\/ocupados.grupopiquer.com\/contenidos\/producto\/adgg055po-ofimatica-en-la-nube-google-drive-100-horas\/\" \/>\n<meta property=\"og:locale\" content=\"es_ES\" \/>\n<meta property=\"og:type\" content=\"article\" \/>\n<meta property=\"og:title\" content=\"ADGG055PO - Ofim\u00e1tica en la Nube: Google Drive (100 horas) - Contenidos Online\" \/>\n<meta property=\"og:description\" content=\"Crear y gestionar de forma eficaz todos los tipos de documentos necesarios en la gesti\u00f3n ofim\u00e1tica en la nube de Google.\" \/>\n<meta property=\"og:url\" content=\"https:\/\/ocupados.grupopiquer.com\/contenidos\/producto\/adgg055po-ofimatica-en-la-nube-google-drive-100-horas\/\" \/>\n<meta property=\"og:site_name\" content=\"Contenidos Online\" \/>\n<meta property=\"article:modified_time\" content=\"2023-05-17T08:39:45+00:00\" \/>\n<meta property=\"og:image\" content=\"https:\/\/ocupados.grupopiquer.com\/contenidos\/wp-content\/uploads\/2023\/05\/yX826083OEwBp8Ew_nIW9rhXNgEkfOttC-stock-image-e1683558859508.jpg\" \/>\n\t<meta property=\"og:image:width\" content=\"1680\" \/>\n\t<meta property=\"og:image:height\" content=\"945\" \/>\n\t<meta property=\"og:image:type\" content=\"image\/jpeg\" \/>\n<meta name=\"twitter:card\" content=\"summary_large_image\" \/>\n<meta name=\"twitter:label1\" content=\"Tiempo de lectura\" \/>\n\t<meta name=\"twitter:data1\" content=\"3 minutos\" \/>\n<script type=\"application\/ld+json\" class=\"yoast-schema-graph\">{\"@context\":\"https:\/\/schema.org\",\"@graph\":[{\"@type\":\"WebPage\",\"@id\":\"https:\/\/ocupados.grupopiquer.com\/contenidos\/producto\/adgg055po-ofimatica-en-la-nube-google-drive-100-horas\/\",\"url\":\"https:\/\/ocupados.grupopiquer.com\/contenidos\/producto\/adgg055po-ofimatica-en-la-nube-google-drive-100-horas\/\",\"name\":\"ADGG055PO - Ofim\u00e1tica en la Nube: Google Drive (100 horas) - Contenidos Online\",\"isPartOf\":{\"@id\":\"https:\/\/ocupados.grupopiquer.com\/contenidos\/#website\"},\"primaryImageOfPage\":{\"@id\":\"https:\/\/ocupados.grupopiquer.com\/contenidos\/producto\/adgg055po-ofimatica-en-la-nube-google-drive-100-horas\/#primaryimage\"},\"image\":{\"@id\":\"https:\/\/ocupados.grupopiquer.com\/contenidos\/producto\/adgg055po-ofimatica-en-la-nube-google-drive-100-horas\/#primaryimage\"},\"thumbnailUrl\":\"https:\/\/ocupados.grupopiquer.com\/contenidos\/wp-content\/uploads\/2023\/05\/yX826083OEwBp8Ew_nIW9rhXNgEkfOttC-stock-image-e1683558859508.jpg\",\"datePublished\":\"2023-05-02T10:56:10+00:00\",\"dateModified\":\"2023-05-17T08:39:45+00:00\",\"breadcrumb\":{\"@id\":\"https:\/\/ocupados.grupopiquer.com\/contenidos\/producto\/adgg055po-ofimatica-en-la-nube-google-drive-100-horas\/#breadcrumb\"},\"inLanguage\":\"es\",\"potentialAction\":[{\"@type\":\"ReadAction\",\"target\":[\"https:\/\/ocupados.grupopiquer.com\/contenidos\/producto\/adgg055po-ofimatica-en-la-nube-google-drive-100-horas\/\"]}]},{\"@type\":\"ImageObject\",\"inLanguage\":\"es\",\"@id\":\"https:\/\/ocupados.grupopiquer.com\/contenidos\/producto\/adgg055po-ofimatica-en-la-nube-google-drive-100-horas\/#primaryimage\",\"url\":\"https:\/\/ocupados.grupopiquer.com\/contenidos\/wp-content\/uploads\/2023\/05\/yX826083OEwBp8Ew_nIW9rhXNgEkfOttC-stock-image-e1683558859508.jpg\",\"contentUrl\":\"https:\/\/ocupados.grupopiquer.com\/contenidos\/wp-content\/uploads\/2023\/05\/yX826083OEwBp8Ew_nIW9rhXNgEkfOttC-stock-image-e1683558859508.jpg\",\"width\":1680,\"height\":945},{\"@type\":\"BreadcrumbList\",\"@id\":\"https:\/\/ocupados.grupopiquer.com\/contenidos\/producto\/adgg055po-ofimatica-en-la-nube-google-drive-100-horas\/#breadcrumb\",\"itemListElement\":[{\"@type\":\"ListItem\",\"position\":1,\"name\":\"Portada\",\"item\":\"https:\/\/ocupados.grupopiquer.com\/contenidos\/\"},{\"@type\":\"ListItem\",\"position\":2,\"name\":\"Tienda\",\"item\":\"https:\/\/ocupados.grupopiquer.com\/contenidos\/tienda\/\"},{\"@type\":\"ListItem\",\"position\":3,\"name\":\"ADGG055PO &#8211; Ofim\u00e1tica en la Nube: Google Drive (100 horas)\"}]},{\"@type\":\"WebSite\",\"@id\":\"https:\/\/ocupados.grupopiquer.com\/contenidos\/#website\",\"url\":\"https:\/\/ocupados.grupopiquer.com\/contenidos\/\",\"name\":\"Contenidos Online\",\"description\":\"\",\"publisher\":{\"@id\":\"https:\/\/ocupados.grupopiquer.com\/contenidos\/#organization\"},\"potentialAction\":[{\"@type\":\"SearchAction\",\"target\":{\"@type\":\"EntryPoint\",\"urlTemplate\":\"https:\/\/ocupados.grupopiquer.com\/contenidos\/?s={search_term_string}\"},\"query-input\":{\"@type\":\"PropertyValueSpecification\",\"valueRequired\":true,\"valueName\":\"search_term_string\"}}],\"inLanguage\":\"es\"},{\"@type\":\"Organization\",\"@id\":\"https:\/\/ocupados.grupopiquer.com\/contenidos\/#organization\",\"name\":\"Contenidos Online\",\"url\":\"https:\/\/ocupados.grupopiquer.com\/contenidos\/\",\"logo\":{\"@type\":\"ImageObject\",\"inLanguage\":\"es\",\"@id\":\"https:\/\/ocupados.grupopiquer.com\/contenidos\/#\/schema\/logo\/image\/\",\"url\":\"https:\/\/ocupados.grupopiquer.com\/contenidos\/wp-content\/uploads\/2024\/01\/Grupo-Piquer-COLOR-1.png\",\"contentUrl\":\"https:\/\/ocupados.grupopiquer.com\/contenidos\/wp-content\/uploads\/2024\/01\/Grupo-Piquer-COLOR-1.png\",\"width\":705,\"height\":270,\"caption\":\"Contenidos Online\"},\"image\":{\"@id\":\"https:\/\/ocupados.grupopiquer.com\/contenidos\/#\/schema\/logo\/image\/\"}}]}<\/script>\n<!-- \/ Yoast SEO plugin. -->","yoast_head_json":{"title":"ADGG055PO - Ofim\u00e1tica en la Nube: Google Drive (100 horas) - Contenidos Online","robots":{"index":"index","follow":"follow","max-snippet":"max-snippet:-1","max-image-preview":"max-image-preview:large","max-video-preview":"max-video-preview:-1"},"canonical":"https:\/\/ocupados.grupopiquer.com\/contenidos\/producto\/adgg055po-ofimatica-en-la-nube-google-drive-100-horas\/","og_locale":"es_ES","og_type":"article","og_title":"ADGG055PO - Ofim\u00e1tica en la Nube: Google Drive (100 horas) - Contenidos Online","og_description":"Crear y gestionar de forma eficaz todos los tipos de documentos necesarios en la gesti\u00f3n ofim\u00e1tica en la nube de Google.","og_url":"https:\/\/ocupados.grupopiquer.com\/contenidos\/producto\/adgg055po-ofimatica-en-la-nube-google-drive-100-horas\/","og_site_name":"Contenidos Online","article_modified_time":"2023-05-17T08:39:45+00:00","og_image":[{"width":1680,"height":945,"url":"https:\/\/ocupados.grupopiquer.com\/contenidos\/wp-content\/uploads\/2023\/05\/yX826083OEwBp8Ew_nIW9rhXNgEkfOttC-stock-image-e1683558859508.jpg","type":"image\/jpeg"}],"twitter_card":"summary_large_image","twitter_misc":{"Tiempo de lectura":"3 minutos"},"schema":{"@context":"https:\/\/schema.org","@graph":[{"@type":"WebPage","@id":"https:\/\/ocupados.grupopiquer.com\/contenidos\/producto\/adgg055po-ofimatica-en-la-nube-google-drive-100-horas\/","url":"https:\/\/ocupados.grupopiquer.com\/contenidos\/producto\/adgg055po-ofimatica-en-la-nube-google-drive-100-horas\/","name":"ADGG055PO - Ofim\u00e1tica en la Nube: Google Drive (100 horas) - Contenidos Online","isPartOf":{"@id":"https:\/\/ocupados.grupopiquer.com\/contenidos\/#website"},"primaryImageOfPage":{"@id":"https:\/\/ocupados.grupopiquer.com\/contenidos\/producto\/adgg055po-ofimatica-en-la-nube-google-drive-100-horas\/#primaryimage"},"image":{"@id":"https:\/\/ocupados.grupopiquer.com\/contenidos\/producto\/adgg055po-ofimatica-en-la-nube-google-drive-100-horas\/#primaryimage"},"thumbnailUrl":"https:\/\/ocupados.grupopiquer.com\/contenidos\/wp-content\/uploads\/2023\/05\/yX826083OEwBp8Ew_nIW9rhXNgEkfOttC-stock-image-e1683558859508.jpg","datePublished":"2023-05-02T10:56:10+00:00","dateModified":"2023-05-17T08:39:45+00:00","breadcrumb":{"@id":"https:\/\/ocupados.grupopiquer.com\/contenidos\/producto\/adgg055po-ofimatica-en-la-nube-google-drive-100-horas\/#breadcrumb"},"inLanguage":"es","potentialAction":[{"@type":"ReadAction","target":["https:\/\/ocupados.grupopiquer.com\/contenidos\/producto\/adgg055po-ofimatica-en-la-nube-google-drive-100-horas\/"]}]},{"@type":"ImageObject","inLanguage":"es","@id":"https:\/\/ocupados.grupopiquer.com\/contenidos\/producto\/adgg055po-ofimatica-en-la-nube-google-drive-100-horas\/#primaryimage","url":"https:\/\/ocupados.grupopiquer.com\/contenidos\/wp-content\/uploads\/2023\/05\/yX826083OEwBp8Ew_nIW9rhXNgEkfOttC-stock-image-e1683558859508.jpg","contentUrl":"https:\/\/ocupados.grupopiquer.com\/contenidos\/wp-content\/uploads\/2023\/05\/yX826083OEwBp8Ew_nIW9rhXNgEkfOttC-stock-image-e1683558859508.jpg","width":1680,"height":945},{"@type":"BreadcrumbList","@id":"https:\/\/ocupados.grupopiquer.com\/contenidos\/producto\/adgg055po-ofimatica-en-la-nube-google-drive-100-horas\/#breadcrumb","itemListElement":[{"@type":"ListItem","position":1,"name":"Portada","item":"https:\/\/ocupados.grupopiquer.com\/contenidos\/"},{"@type":"ListItem","position":2,"name":"Tienda","item":"https:\/\/ocupados.grupopiquer.com\/contenidos\/tienda\/"},{"@type":"ListItem","position":3,"name":"ADGG055PO &#8211; Ofim\u00e1tica en la Nube: Google Drive (100 horas)"}]},{"@type":"WebSite","@id":"https:\/\/ocupados.grupopiquer.com\/contenidos\/#website","url":"https:\/\/ocupados.grupopiquer.com\/contenidos\/","name":"Contenidos Online","description":"","publisher":{"@id":"https:\/\/ocupados.grupopiquer.com\/contenidos\/#organization"},"potentialAction":[{"@type":"SearchAction","target":{"@type":"EntryPoint","urlTemplate":"https:\/\/ocupados.grupopiquer.com\/contenidos\/?s={search_term_string}"},"query-input":{"@type":"PropertyValueSpecification","valueRequired":true,"valueName":"search_term_string"}}],"inLanguage":"es"},{"@type":"Organization","@id":"https:\/\/ocupados.grupopiquer.com\/contenidos\/#organization","name":"Contenidos Online","url":"https:\/\/ocupados.grupopiquer.com\/contenidos\/","logo":{"@type":"ImageObject","inLanguage":"es","@id":"https:\/\/ocupados.grupopiquer.com\/contenidos\/#\/schema\/logo\/image\/","url":"https:\/\/ocupados.grupopiquer.com\/contenidos\/wp-content\/uploads\/2024\/01\/Grupo-Piquer-COLOR-1.png","contentUrl":"https:\/\/ocupados.grupopiquer.com\/contenidos\/wp-content\/uploads\/2024\/01\/Grupo-Piquer-COLOR-1.png","width":705,"height":270,"caption":"Contenidos Online"},"image":{"@id":"https:\/\/ocupados.grupopiquer.com\/contenidos\/#\/schema\/logo\/image\/"}}]}},"jetpack_sharing_enabled":true,"_links":{"self":[{"href":"https:\/\/ocupados.grupopiquer.com\/contenidos\/wp-json\/wp\/v2\/product\/4394","targetHints":{"allow":["GET"]}}],"collection":[{"href":"https:\/\/ocupados.grupopiquer.com\/contenidos\/wp-json\/wp\/v2\/product"}],"about":[{"href":"https:\/\/ocupados.grupopiquer.com\/contenidos\/wp-json\/wp\/v2\/types\/product"}],"replies":[{"embeddable":true,"href":"https:\/\/ocupados.grupopiquer.com\/contenidos\/wp-json\/wp\/v2\/comments?post=4394"}],"wp:featuredmedia":[{"embeddable":true,"href":"https:\/\/ocupados.grupopiquer.com\/contenidos\/wp-json\/wp\/v2\/media\/5496"}],"wp:attachment":[{"href":"https:\/\/ocupados.grupopiquer.com\/contenidos\/wp-json\/wp\/v2\/media?parent=4394"}],"wp:term":[{"taxonomy":"product_brand","embeddable":true,"href":"https:\/\/ocupados.grupopiquer.com\/contenidos\/wp-json\/wp\/v2\/product_brand?post=4394"},{"taxonomy":"product_cat","embeddable":true,"href":"https:\/\/ocupados.grupopiquer.com\/contenidos\/wp-json\/wp\/v2\/product_cat?post=4394"},{"taxonomy":"product_tag","embeddable":true,"href":"https:\/\/ocupados.grupopiquer.com\/contenidos\/wp-json\/wp\/v2\/product_tag?post=4394"}],"curies":[{"name":"wp","href":"https:\/\/api.w.org\/{rel}","templated":true}]}}