{"id":4606,"date":"2023-05-02T11:14:29","date_gmt":"2023-05-02T11:14:29","guid":{"rendered":"https:\/\/ocupados.grupopiquer.com\/contenidos\/producto\/sant030po-cuidados-especificos-en-las-distintas-unidades-hospitalarias-50-horas\/"},"modified":"2023-05-16T11:38:28","modified_gmt":"2023-05-16T11:38:28","slug":"sant030po-cuidados-especificos-en-las-distintas-unidades-hospitalarias-50-horas","status":"publish","type":"product","link":"https:\/\/ocupados.grupopiquer.com\/contenidos\/producto\/sant030po-cuidados-especificos-en-las-distintas-unidades-hospitalarias-50-horas\/","title":{"rendered":"SANT030PO &#8211; Cuidados Espec\u00edficos en las Distintas Unidades Hospitalarias (50 horas)"},"content":{"rendered":"<div id=\"accordion\">\n<h3>OBJETIVOS<\/h3>\n<div>Identificar las principales actuaciones y funciones de los sanitarios en los cuidados en las distintas unidades hospitalarias, as\u00ed como su interacci\u00f3n con el paciente en estas mismas unidades.<\/div>\n<h3>CONTENIDOS<\/h3>\n<div>1. CUIDADOS ESPEC\u00cdFICOS EN NEONATOLOG\u00cdA<br \/>\n1.1. Definici\u00f3n.<br \/>\n1.2. Fisiopatolog\u00eda propia del reci\u00e9n nacido.<br \/>\n1.3. Primeros cuidados del neonato tras el parto.<br \/>\n1.4. Enfermedades m\u00e1s comunes.<br \/>\n1.5. Ingreso en planta.<br \/>\n1.6. Cuidados b\u00e1sicos del reci\u00e9n nacido.<br \/>\n1.7. Requerimientos al alta.<\/p>\n<p>2. CUIDADOS ESPEC\u00cdFICOS EN ONCOLOG\u00cdA<br \/>\n2.1. Principales patolog\u00edas de ingreso.<br \/>\n2.2. Cuidados en oncolog\u00eda.<\/p>\n<p>3. CUIDADOS ESPEC\u00cdFICOS EN UNA UNIDAD DE CIRUG\u00cdA TOR\u00c1CICA Y NEUMOLOG\u00cdA<br \/>\n3.1. Definici\u00f3n.<br \/>\n3.2. Planificaci\u00f3n de cuidados.<\/p>\n<p>4. CUIDADOS ESPEC\u00cdFICOS EN LA UNIDAD DE CIRUG\u00cdA GENERAL Y DIGESTIVO<br \/>\n4.1. Definici\u00f3n de la cirug\u00eda general y del aparato digestivo: l\u00edmites de su campo de acci\u00f3n y contenido.<br \/>\n4.2. Planificaci\u00f3n de cuidados.<br \/>\n4.3. Procedimientos m\u00e1s frecuentes en la unidad de digestivo.<br \/>\n4.4. Principales patolog\u00edas de ingreso en unidades de digestivo.<\/p>\n<p>5. CUIDADOS ESPEC\u00cdFICOS EN UNA UNIDAD DE CARDIOCIRUG\u00cdA<br \/>\n5.1. Definici\u00f3n.<br \/>\n5.2. Principales patolog\u00edas.<br \/>\n5.3. Tipos de intervenciones cardiacas y vasculares.<br \/>\n5.4. Pruebas diagn\u00f3sticas.<br \/>\n5.5. Planificaci\u00f3n de cuidados.<br \/>\n5.6. Dieta en el paciente cardiaco.<\/p>\n<p>6. CUIDADOS ESPEC\u00cdFICOS EN UCI<br \/>\n6.1. Introducci\u00f3n.<br \/>\n6.2. Definici\u00f3n.<br \/>\n6.3. Cuidados de enfermer\u00eda iniciales en el ingreso en la UCI.<br \/>\n6.4. Plan de cuidados.<br \/>\n6.5. Procedimientos realizados en la UCI.<br \/>\n6.6. Aparatos m\u00e1s comunes en la UCI.<br \/>\n6.7. Farmacia en la UCI.<br \/>\n6.8. Alteraciones emocionales y necesidades psicol\u00f3gicas en la UCI.<br \/>\n6.9. Evaluaci\u00f3n del dolor.<br \/>\n6.10. Medidas de asepsia.<\/p>\n<\/div>\n<\/div>\n","protected":false},"excerpt":{"rendered":"<p>Identificar las principales actuaciones y funciones de los sanitarios en los cuidados en las distintas unidades hospitalarias, as\u00ed como su interacci\u00f3n con el paciente en estas mismas unidades.<\/p>\n","protected":false},"featured_media":4929,"comment_status":"closed","ping_status":"closed","template":"","meta":{"site-sidebar-layout":"default","site-content-layout":"","ast-site-content-layout":"","site-content-style":"default","site-sidebar-style":"default","ast-global-header-display":"","ast-banner-title-visibility":"","ast-main-header-display":"","ast-hfb-above-header-display":"","ast-hfb-below-header-display":"","ast-hfb-mobile-header-display":"","site-post-title":"","ast-breadcrumbs-content":"","ast-featured-img":"","footer-sml-layout":"","theme-transparent-header-meta":"","adv-header-id-meta":"","stick-header-meta":"","header-above-stick-meta":"","header-main-stick-meta":"","header-below-stick-meta":"","astra-migrate-meta-layouts":"default","ast-page-background-enabled":"default","ast-page-background-meta":{"desktop":{"background-color":"var(--ast-global-color-4)","background-image":"","background-repeat":"repeat","background-position":"center center","background-size":"auto","background-attachment":"scroll","background-type":"","background-media":"","overlay-type":"","overlay-color":"","overlay-opacity":"","overlay-gradient":""},"tablet":{"background-color":"","background-image":"","background-repeat":"repeat","background-position":"center center","background-size":"auto","background-attachment":"scroll","background-type":"","background-media":"","overlay-type":"","overlay-color":"","overlay-opacity":"","overlay-gradient":""},"mobile":{"background-color":"","background-image":"","background-repeat":"repeat","background-position":"center center","background-size":"auto","background-attachment":"scroll","background-type":"","background-media":"","overlay-type":"","overlay-color":"","overlay-opacity":"","overlay-gradient":""}},"ast-content-background-meta":{"desktop":{"background-color":"var(--ast-global-color-5)","background-image":"","background-repeat":"repeat","background-position":"center center","background-size":"auto","background-attachment":"scroll","background-type":"","background-media":"","overlay-type":"","overlay-color":"","overlay-opacity":"","overlay-gradient":""},"tablet":{"background-color":"var(--ast-global-color-5)","background-image":"","background-repeat":"repeat","background-position":"center center","background-size":"auto","background-attachment":"scroll","background-type":"","background-media":"","overlay-type":"","overlay-color":"","overlay-opacity":"","overlay-gradient":""},"mobile":{"background-color":"var(--ast-global-color-5)","background-image":"","background-repeat":"repeat","background-position":"center center","background-size":"auto","background-attachment":"scroll","background-type":"","background-media":"","overlay-type":"","overlay-color":"","overlay-opacity":"","overlay-gradient":""}}},"product_brand":[],"product_cat":[107],"product_tag":[],"class_list":{"0":"post-4606","1":"product","2":"type-product","3":"status-publish","4":"has-post-thumbnail","6":"product_cat-atencion-sanitaria","7":"desktop-align-left","8":"tablet-align-left","9":"mobile-align-left","11":"first","12":"instock","13":"taxable","14":"shipping-taxable","15":"purchasable","16":"product-type-simple"},"yoast_head":"<!-- This site is optimized with the Yoast SEO plugin v25.1 - https:\/\/yoast.com\/wordpress\/plugins\/seo\/ -->\n<title>SANT030PO - Cuidados Espec\u00edficos en las Distintas Unidades Hospitalarias (50 horas) - Contenidos Online<\/title>\n<meta name=\"robots\" content=\"index, follow, max-snippet:-1, max-image-preview:large, max-video-preview:-1\" \/>\n<link rel=\"canonical\" href=\"https:\/\/ocupados.grupopiquer.com\/contenidos\/producto\/sant030po-cuidados-especificos-en-las-distintas-unidades-hospitalarias-50-horas\/\" \/>\n<meta property=\"og:locale\" content=\"es_ES\" \/>\n<meta property=\"og:type\" content=\"article\" \/>\n<meta property=\"og:title\" content=\"SANT030PO - Cuidados Espec\u00edficos en las Distintas Unidades Hospitalarias (50 horas) - Contenidos Online\" \/>\n<meta property=\"og:description\" content=\"Identificar las principales actuaciones y funciones de los sanitarios en los cuidados en las distintas unidades hospitalarias, as\u00ed como su interacci\u00f3n con el paciente en estas mismas unidades.\" \/>\n<meta property=\"og:url\" content=\"https:\/\/ocupados.grupopiquer.com\/contenidos\/producto\/sant030po-cuidados-especificos-en-las-distintas-unidades-hospitalarias-50-horas\/\" \/>\n<meta property=\"og:site_name\" content=\"Contenidos Online\" \/>\n<meta property=\"article:modified_time\" content=\"2023-05-16T11:38:28+00:00\" \/>\n<meta property=\"og:image\" content=\"https:\/\/ocupados.grupopiquer.com\/contenidos\/wp-content\/uploads\/2023\/05\/OLZJ5988EdXLiPCA_NAi6Aij3cKcz0I1n-e1683195628225.jpg\" \/>\n\t<meta property=\"og:image:width\" content=\"1680\" \/>\n\t<meta property=\"og:image:height\" content=\"945\" \/>\n\t<meta property=\"og:image:type\" content=\"image\/jpeg\" \/>\n<meta name=\"twitter:card\" content=\"summary_large_image\" \/>\n<meta name=\"twitter:label1\" content=\"Tiempo de lectura\" \/>\n\t<meta name=\"twitter:data1\" content=\"2 minutos\" \/>\n<script type=\"application\/ld+json\" class=\"yoast-schema-graph\">{\"@context\":\"https:\/\/schema.org\",\"@graph\":[{\"@type\":\"WebPage\",\"@id\":\"https:\/\/ocupados.grupopiquer.com\/contenidos\/producto\/sant030po-cuidados-especificos-en-las-distintas-unidades-hospitalarias-50-horas\/\",\"url\":\"https:\/\/ocupados.grupopiquer.com\/contenidos\/producto\/sant030po-cuidados-especificos-en-las-distintas-unidades-hospitalarias-50-horas\/\",\"name\":\"SANT030PO - Cuidados Espec\u00edficos en las Distintas Unidades Hospitalarias (50 horas) - Contenidos Online\",\"isPartOf\":{\"@id\":\"https:\/\/ocupados.grupopiquer.com\/contenidos\/#website\"},\"primaryImageOfPage\":{\"@id\":\"https:\/\/ocupados.grupopiquer.com\/contenidos\/producto\/sant030po-cuidados-especificos-en-las-distintas-unidades-hospitalarias-50-horas\/#primaryimage\"},\"image\":{\"@id\":\"https:\/\/ocupados.grupopiquer.com\/contenidos\/producto\/sant030po-cuidados-especificos-en-las-distintas-unidades-hospitalarias-50-horas\/#primaryimage\"},\"thumbnailUrl\":\"https:\/\/ocupados.grupopiquer.com\/contenidos\/wp-content\/uploads\/2023\/05\/OLZJ5988EdXLiPCA_NAi6Aij3cKcz0I1n-e1683195628225.jpg\",\"datePublished\":\"2023-05-02T11:14:29+00:00\",\"dateModified\":\"2023-05-16T11:38:28+00:00\",\"breadcrumb\":{\"@id\":\"https:\/\/ocupados.grupopiquer.com\/contenidos\/producto\/sant030po-cuidados-especificos-en-las-distintas-unidades-hospitalarias-50-horas\/#breadcrumb\"},\"inLanguage\":\"es\",\"potentialAction\":[{\"@type\":\"ReadAction\",\"target\":[\"https:\/\/ocupados.grupopiquer.com\/contenidos\/producto\/sant030po-cuidados-especificos-en-las-distintas-unidades-hospitalarias-50-horas\/\"]}]},{\"@type\":\"ImageObject\",\"inLanguage\":\"es\",\"@id\":\"https:\/\/ocupados.grupopiquer.com\/contenidos\/producto\/sant030po-cuidados-especificos-en-las-distintas-unidades-hospitalarias-50-horas\/#primaryimage\",\"url\":\"https:\/\/ocupados.grupopiquer.com\/contenidos\/wp-content\/uploads\/2023\/05\/OLZJ5988EdXLiPCA_NAi6Aij3cKcz0I1n-e1683195628225.jpg\",\"contentUrl\":\"https:\/\/ocupados.grupopiquer.com\/contenidos\/wp-content\/uploads\/2023\/05\/OLZJ5988EdXLiPCA_NAi6Aij3cKcz0I1n-e1683195628225.jpg\",\"width\":1680,\"height\":945},{\"@type\":\"BreadcrumbList\",\"@id\":\"https:\/\/ocupados.grupopiquer.com\/contenidos\/producto\/sant030po-cuidados-especificos-en-las-distintas-unidades-hospitalarias-50-horas\/#breadcrumb\",\"itemListElement\":[{\"@type\":\"ListItem\",\"position\":1,\"name\":\"Portada\",\"item\":\"https:\/\/ocupados.grupopiquer.com\/contenidos\/\"},{\"@type\":\"ListItem\",\"position\":2,\"name\":\"Tienda\",\"item\":\"https:\/\/ocupados.grupopiquer.com\/contenidos\/tienda\/\"},{\"@type\":\"ListItem\",\"position\":3,\"name\":\"SANT030PO &#8211; Cuidados Espec\u00edficos en las Distintas Unidades Hospitalarias (50 horas)\"}]},{\"@type\":\"WebSite\",\"@id\":\"https:\/\/ocupados.grupopiquer.com\/contenidos\/#website\",\"url\":\"https:\/\/ocupados.grupopiquer.com\/contenidos\/\",\"name\":\"Contenidos Online\",\"description\":\"\",\"publisher\":{\"@id\":\"https:\/\/ocupados.grupopiquer.com\/contenidos\/#organization\"},\"potentialAction\":[{\"@type\":\"SearchAction\",\"target\":{\"@type\":\"EntryPoint\",\"urlTemplate\":\"https:\/\/ocupados.grupopiquer.com\/contenidos\/?s={search_term_string}\"},\"query-input\":{\"@type\":\"PropertyValueSpecification\",\"valueRequired\":true,\"valueName\":\"search_term_string\"}}],\"inLanguage\":\"es\"},{\"@type\":\"Organization\",\"@id\":\"https:\/\/ocupados.grupopiquer.com\/contenidos\/#organization\",\"name\":\"Contenidos Online\",\"url\":\"https:\/\/ocupados.grupopiquer.com\/contenidos\/\",\"logo\":{\"@type\":\"ImageObject\",\"inLanguage\":\"es\",\"@id\":\"https:\/\/ocupados.grupopiquer.com\/contenidos\/#\/schema\/logo\/image\/\",\"url\":\"https:\/\/ocupados.grupopiquer.com\/contenidos\/wp-content\/uploads\/2024\/01\/Grupo-Piquer-COLOR-1.png\",\"contentUrl\":\"https:\/\/ocupados.grupopiquer.com\/contenidos\/wp-content\/uploads\/2024\/01\/Grupo-Piquer-COLOR-1.png\",\"width\":705,\"height\":270,\"caption\":\"Contenidos Online\"},\"image\":{\"@id\":\"https:\/\/ocupados.grupopiquer.com\/contenidos\/#\/schema\/logo\/image\/\"}}]}<\/script>\n<!-- \/ Yoast SEO plugin. -->","yoast_head_json":{"title":"SANT030PO - Cuidados Espec\u00edficos en las Distintas Unidades Hospitalarias (50 horas) - Contenidos Online","robots":{"index":"index","follow":"follow","max-snippet":"max-snippet:-1","max-image-preview":"max-image-preview:large","max-video-preview":"max-video-preview:-1"},"canonical":"https:\/\/ocupados.grupopiquer.com\/contenidos\/producto\/sant030po-cuidados-especificos-en-las-distintas-unidades-hospitalarias-50-horas\/","og_locale":"es_ES","og_type":"article","og_title":"SANT030PO - Cuidados Espec\u00edficos en las Distintas Unidades Hospitalarias (50 horas) - Contenidos Online","og_description":"Identificar las principales actuaciones y funciones de los sanitarios en los cuidados en las distintas unidades hospitalarias, as\u00ed como su interacci\u00f3n con el paciente en estas mismas unidades.","og_url":"https:\/\/ocupados.grupopiquer.com\/contenidos\/producto\/sant030po-cuidados-especificos-en-las-distintas-unidades-hospitalarias-50-horas\/","og_site_name":"Contenidos Online","article_modified_time":"2023-05-16T11:38:28+00:00","og_image":[{"width":1680,"height":945,"url":"https:\/\/ocupados.grupopiquer.com\/contenidos\/wp-content\/uploads\/2023\/05\/OLZJ5988EdXLiPCA_NAi6Aij3cKcz0I1n-e1683195628225.jpg","type":"image\/jpeg"}],"twitter_card":"summary_large_image","twitter_misc":{"Tiempo de lectura":"2 minutos"},"schema":{"@context":"https:\/\/schema.org","@graph":[{"@type":"WebPage","@id":"https:\/\/ocupados.grupopiquer.com\/contenidos\/producto\/sant030po-cuidados-especificos-en-las-distintas-unidades-hospitalarias-50-horas\/","url":"https:\/\/ocupados.grupopiquer.com\/contenidos\/producto\/sant030po-cuidados-especificos-en-las-distintas-unidades-hospitalarias-50-horas\/","name":"SANT030PO - Cuidados Espec\u00edficos en las Distintas Unidades Hospitalarias (50 horas) - Contenidos Online","isPartOf":{"@id":"https:\/\/ocupados.grupopiquer.com\/contenidos\/#website"},"primaryImageOfPage":{"@id":"https:\/\/ocupados.grupopiquer.com\/contenidos\/producto\/sant030po-cuidados-especificos-en-las-distintas-unidades-hospitalarias-50-horas\/#primaryimage"},"image":{"@id":"https:\/\/ocupados.grupopiquer.com\/contenidos\/producto\/sant030po-cuidados-especificos-en-las-distintas-unidades-hospitalarias-50-horas\/#primaryimage"},"thumbnailUrl":"https:\/\/ocupados.grupopiquer.com\/contenidos\/wp-content\/uploads\/2023\/05\/OLZJ5988EdXLiPCA_NAi6Aij3cKcz0I1n-e1683195628225.jpg","datePublished":"2023-05-02T11:14:29+00:00","dateModified":"2023-05-16T11:38:28+00:00","breadcrumb":{"@id":"https:\/\/ocupados.grupopiquer.com\/contenidos\/producto\/sant030po-cuidados-especificos-en-las-distintas-unidades-hospitalarias-50-horas\/#breadcrumb"},"inLanguage":"es","potentialAction":[{"@type":"ReadAction","target":["https:\/\/ocupados.grupopiquer.com\/contenidos\/producto\/sant030po-cuidados-especificos-en-las-distintas-unidades-hospitalarias-50-horas\/"]}]},{"@type":"ImageObject","inLanguage":"es","@id":"https:\/\/ocupados.grupopiquer.com\/contenidos\/producto\/sant030po-cuidados-especificos-en-las-distintas-unidades-hospitalarias-50-horas\/#primaryimage","url":"https:\/\/ocupados.grupopiquer.com\/contenidos\/wp-content\/uploads\/2023\/05\/OLZJ5988EdXLiPCA_NAi6Aij3cKcz0I1n-e1683195628225.jpg","contentUrl":"https:\/\/ocupados.grupopiquer.com\/contenidos\/wp-content\/uploads\/2023\/05\/OLZJ5988EdXLiPCA_NAi6Aij3cKcz0I1n-e1683195628225.jpg","width":1680,"height":945},{"@type":"BreadcrumbList","@id":"https:\/\/ocupados.grupopiquer.com\/contenidos\/producto\/sant030po-cuidados-especificos-en-las-distintas-unidades-hospitalarias-50-horas\/#breadcrumb","itemListElement":[{"@type":"ListItem","position":1,"name":"Portada","item":"https:\/\/ocupados.grupopiquer.com\/contenidos\/"},{"@type":"ListItem","position":2,"name":"Tienda","item":"https:\/\/ocupados.grupopiquer.com\/contenidos\/tienda\/"},{"@type":"ListItem","position":3,"name":"SANT030PO &#8211; Cuidados Espec\u00edficos en las Distintas Unidades Hospitalarias (50 horas)"}]},{"@type":"WebSite","@id":"https:\/\/ocupados.grupopiquer.com\/contenidos\/#website","url":"https:\/\/ocupados.grupopiquer.com\/contenidos\/","name":"Contenidos Online","description":"","publisher":{"@id":"https:\/\/ocupados.grupopiquer.com\/contenidos\/#organization"},"potentialAction":[{"@type":"SearchAction","target":{"@type":"EntryPoint","urlTemplate":"https:\/\/ocupados.grupopiquer.com\/contenidos\/?s={search_term_string}"},"query-input":{"@type":"PropertyValueSpecification","valueRequired":true,"valueName":"search_term_string"}}],"inLanguage":"es"},{"@type":"Organization","@id":"https:\/\/ocupados.grupopiquer.com\/contenidos\/#organization","name":"Contenidos Online","url":"https:\/\/ocupados.grupopiquer.com\/contenidos\/","logo":{"@type":"ImageObject","inLanguage":"es","@id":"https:\/\/ocupados.grupopiquer.com\/contenidos\/#\/schema\/logo\/image\/","url":"https:\/\/ocupados.grupopiquer.com\/contenidos\/wp-content\/uploads\/2024\/01\/Grupo-Piquer-COLOR-1.png","contentUrl":"https:\/\/ocupados.grupopiquer.com\/contenidos\/wp-content\/uploads\/2024\/01\/Grupo-Piquer-COLOR-1.png","width":705,"height":270,"caption":"Contenidos Online"},"image":{"@id":"https:\/\/ocupados.grupopiquer.com\/contenidos\/#\/schema\/logo\/image\/"}}]}},"jetpack_sharing_enabled":true,"_links":{"self":[{"href":"https:\/\/ocupados.grupopiquer.com\/contenidos\/wp-json\/wp\/v2\/product\/4606","targetHints":{"allow":["GET"]}}],"collection":[{"href":"https:\/\/ocupados.grupopiquer.com\/contenidos\/wp-json\/wp\/v2\/product"}],"about":[{"href":"https:\/\/ocupados.grupopiquer.com\/contenidos\/wp-json\/wp\/v2\/types\/product"}],"replies":[{"embeddable":true,"href":"https:\/\/ocupados.grupopiquer.com\/contenidos\/wp-json\/wp\/v2\/comments?post=4606"}],"wp:featuredmedia":[{"embeddable":true,"href":"https:\/\/ocupados.grupopiquer.com\/contenidos\/wp-json\/wp\/v2\/media\/4929"}],"wp:attachment":[{"href":"https:\/\/ocupados.grupopiquer.com\/contenidos\/wp-json\/wp\/v2\/media?parent=4606"}],"wp:term":[{"taxonomy":"product_brand","embeddable":true,"href":"https:\/\/ocupados.grupopiquer.com\/contenidos\/wp-json\/wp\/v2\/product_brand?post=4606"},{"taxonomy":"product_cat","embeddable":true,"href":"https:\/\/ocupados.grupopiquer.com\/contenidos\/wp-json\/wp\/v2\/product_cat?post=4606"},{"taxonomy":"product_tag","embeddable":true,"href":"https:\/\/ocupados.grupopiquer.com\/contenidos\/wp-json\/wp\/v2\/product_tag?post=4606"}],"curies":[{"name":"wp","href":"https:\/\/api.w.org\/{rel}","templated":true}]}}