{"id":4619,"date":"2023-05-02T11:15:40","date_gmt":"2023-05-02T11:15:40","guid":{"rendered":"https:\/\/ocupados.grupopiquer.com\/contenidos\/producto\/sead072po-f-e-v-s-vigilancia-con-perros-10-horas\/"},"modified":"2023-05-16T11:27:56","modified_gmt":"2023-05-16T11:27:56","slug":"sead072po-f-e-v-s-vigilancia-con-perros-10-horas","status":"publish","type":"product","link":"https:\/\/ocupados.grupopiquer.com\/contenidos\/producto\/sead072po-f-e-v-s-vigilancia-con-perros-10-horas\/","title":{"rendered":"SEAD072PO &#8211; F.E.V.S.: Vigilancia con Perros (10 horas)"},"content":{"rendered":"<div id=\"accordion\">\n<h3>OBJETIVOS<\/h3>\n<div>Actualizar a los vigilantes de seguridad que prestan servicios de vigilancia con perros, que requieren de una mayor especializaci\u00f3n, seg\u00fan la Resoluci\u00f3n de 12 de noviembre de 2012 de la Secretar\u00eda de Estado de Seguridad.<\/div>\n<h3>CONTENIDOS<\/h3>\n<div>1. EL PERRO<br \/>\n1.1. Introducci\u00f3n.<br \/>\n1.2. Or\u00edgenes e historia.<br \/>\n1.3. Razas.<br \/>\n1.4. Posibilidades de empleo.<\/p>\n<p>2. EL ADIESTRAMIENTO<br \/>\n2.1. Instintos, est\u00edmulos.<br \/>\n2.2. Condicionamientos.<br \/>\n2.3. Jerarqu\u00eda.<br \/>\n2.4. El aprendizaje en el perro.<br \/>\n2.5. Tipos de aprendizaje aplicados al adiestramiento.<\/p>\n<p>3. EL GU\u00cdA CANINO O ADIESTRADOR<br \/>\n3.1. Cualidades necesarias.<br \/>\n3.2. Proceso de selecci\u00f3n de un gu\u00eda.<\/p>\n<p>4. REGLAS B\u00c1SICAS DEL ADIESTRAMIENTO<br \/>\n4.1. Conocimiento del material y de su manejo para el adiestramiento y medios auxiliares.<br \/>\n4.2. Obediencia y \u00f3rdenes de mando.<br \/>\n4.3. Procedimientos de seguridad en el manejo de perros.<\/p>\n<p>5. EL PERRO DE DEFENSA Y SEGURIDAD<br \/>\n5.1. Caracter\u00edsticas.<br \/>\n5.2. Razas principales.<br \/>\n5.3. Posibilidades de empleo.<br \/>\n5.4. Fases del adiestramiento de esta clase de perros: toma de contacto, trabajo de confianza, obediencia b\u00e1sica, fases de ladrido y mordida, enfrentamiento y suelta a la orden, cacheo y conducci\u00f3n, ataque con bozal.<\/p>\n<p>6. EL PERRO DE B\u00daSQUEDA Y DETECCI\u00d3N DE SUSTANCIAS EXPLOSIVAS<br \/>\n6.1. Posibilidades de empleo.<br \/>\n6.2. Fases del adiestramiento de esta clase de perros.<br \/>\n6.3. Descripci\u00f3n de las condiciones de la b\u00fasqueda y detecci\u00f3n de sustancias explosivas.<br \/>\n6.4. Identificaci\u00f3n y aplicaci\u00f3n de t\u00e9cnicas de b\u00fasqueda.<\/p>\n<p>7. CUIDADOS B\u00c1SICOS<br \/>\n7.1. Alimentaci\u00f3n.<br \/>\n7.2. Principales enfermedades y primeros auxilios.<br \/>\n7.3. Zoonosis.<br \/>\n7.4. Documentaci\u00f3n sanitaria obligatoria.<br \/>\n7.5. Responsabilidad penal y civil.<br \/>\n7.6. Prevenci\u00f3n de riesgos laborales.<\/p>\n<p>8. COLABORACI\u00d3N CON LAS FUERZAS Y CUERPOS DE SEGURIDAD<\/p>\n<\/div>\n<\/div>\n","protected":false},"excerpt":{"rendered":"<p>Actualizar a los vigilantes de seguridad que prestan servicios de vigilancia con perros, que requieren de una mayor especializaci\u00f3n, seg\u00fan la Resoluci\u00f3n de 12 de noviembre de 2012 de la Secretar\u00eda de Estado de Seguridad.<\/p>\n","protected":false},"featured_media":4924,"comment_status":"closed","ping_status":"closed","template":"","meta":{"site-sidebar-layout":"default","site-content-layout":"","ast-site-content-layout":"","site-content-style":"default","site-sidebar-style":"default","ast-global-header-display":"","ast-banner-title-visibility":"","ast-main-header-display":"","ast-hfb-above-header-display":"","ast-hfb-below-header-display":"","ast-hfb-mobile-header-display":"","site-post-title":"","ast-breadcrumbs-content":"","ast-featured-img":"","footer-sml-layout":"","theme-transparent-header-meta":"","adv-header-id-meta":"","stick-header-meta":"","header-above-stick-meta":"","header-main-stick-meta":"","header-below-stick-meta":"","astra-migrate-meta-layouts":"default","ast-page-background-enabled":"default","ast-page-background-meta":{"desktop":{"background-color":"var(--ast-global-color-4)","background-image":"","background-repeat":"repeat","background-position":"center center","background-size":"auto","background-attachment":"scroll","background-type":"","background-media":"","overlay-type":"","overlay-color":"","overlay-opacity":"","overlay-gradient":""},"tablet":{"background-color":"","background-image":"","background-repeat":"repeat","background-position":"center center","background-size":"auto","background-attachment":"scroll","background-type":"","background-media":"","overlay-type":"","overlay-color":"","overlay-opacity":"","overlay-gradient":""},"mobile":{"background-color":"","background-image":"","background-repeat":"repeat","background-position":"center center","background-size":"auto","background-attachment":"scroll","background-type":"","background-media":"","overlay-type":"","overlay-color":"","overlay-opacity":"","overlay-gradient":""}},"ast-content-background-meta":{"desktop":{"background-color":"var(--ast-global-color-5)","background-image":"","background-repeat":"repeat","background-position":"center center","background-size":"auto","background-attachment":"scroll","background-type":"","background-media":"","overlay-type":"","overlay-color":"","overlay-opacity":"","overlay-gradient":""},"tablet":{"background-color":"var(--ast-global-color-5)","background-image":"","background-repeat":"repeat","background-position":"center center","background-size":"auto","background-attachment":"scroll","background-type":"","background-media":"","overlay-type":"","overlay-color":"","overlay-opacity":"","overlay-gradient":""},"mobile":{"background-color":"var(--ast-global-color-5)","background-image":"","background-repeat":"repeat","background-position":"center center","background-size":"auto","background-attachment":"scroll","background-type":"","background-media":"","overlay-type":"","overlay-color":"","overlay-opacity":"","overlay-gradient":""}}},"product_brand":[],"product_cat":[106],"product_tag":[],"class_list":{"0":"post-4619","1":"product","2":"type-product","3":"status-publish","4":"has-post-thumbnail","6":"product_cat-seguridad-y-prevencion","7":"desktop-align-left","8":"tablet-align-left","9":"mobile-align-left","11":"first","12":"instock","13":"taxable","14":"shipping-taxable","15":"purchasable","16":"product-type-simple"},"yoast_head":"<!-- This site is optimized with the Yoast SEO plugin v25.1 - https:\/\/yoast.com\/wordpress\/plugins\/seo\/ -->\n<title>SEAD072PO - F.E.V.S.: Vigilancia con Perros (10 horas) - Contenidos Online<\/title>\n<meta name=\"robots\" content=\"index, follow, max-snippet:-1, max-image-preview:large, max-video-preview:-1\" \/>\n<link rel=\"canonical\" href=\"https:\/\/ocupados.grupopiquer.com\/contenidos\/producto\/sead072po-f-e-v-s-vigilancia-con-perros-10-horas\/\" \/>\n<meta property=\"og:locale\" content=\"es_ES\" \/>\n<meta property=\"og:type\" content=\"article\" \/>\n<meta property=\"og:title\" content=\"SEAD072PO - F.E.V.S.: Vigilancia con Perros (10 horas) - Contenidos Online\" \/>\n<meta property=\"og:description\" content=\"Actualizar a los vigilantes de seguridad que prestan servicios de vigilancia con perros, que requieren de una mayor especializaci\u00f3n, seg\u00fan la Resoluci\u00f3n de 12 de noviembre de 2012 de la Secretar\u00eda de Estado de Seguridad.\" \/>\n<meta property=\"og:url\" content=\"https:\/\/ocupados.grupopiquer.com\/contenidos\/producto\/sead072po-f-e-v-s-vigilancia-con-perros-10-horas\/\" \/>\n<meta property=\"og:site_name\" content=\"Contenidos Online\" \/>\n<meta property=\"article:modified_time\" content=\"2023-05-16T11:27:56+00:00\" \/>\n<meta property=\"og:image\" content=\"https:\/\/ocupados.grupopiquer.com\/contenidos\/wp-content\/uploads\/2023\/05\/duQUUuuS9tphn-9-_GsLYP6ZPd1i3qPG3-e1683195008434.jpg\" \/>\n\t<meta property=\"og:image:width\" content=\"1680\" \/>\n\t<meta property=\"og:image:height\" content=\"945\" \/>\n\t<meta property=\"og:image:type\" content=\"image\/jpeg\" \/>\n<meta name=\"twitter:card\" content=\"summary_large_image\" \/>\n<meta name=\"twitter:label1\" content=\"Tiempo de lectura\" \/>\n\t<meta name=\"twitter:data1\" content=\"2 minutos\" \/>\n<script type=\"application\/ld+json\" class=\"yoast-schema-graph\">{\"@context\":\"https:\/\/schema.org\",\"@graph\":[{\"@type\":\"WebPage\",\"@id\":\"https:\/\/ocupados.grupopiquer.com\/contenidos\/producto\/sead072po-f-e-v-s-vigilancia-con-perros-10-horas\/\",\"url\":\"https:\/\/ocupados.grupopiquer.com\/contenidos\/producto\/sead072po-f-e-v-s-vigilancia-con-perros-10-horas\/\",\"name\":\"SEAD072PO - F.E.V.S.: Vigilancia con Perros (10 horas) - Contenidos Online\",\"isPartOf\":{\"@id\":\"https:\/\/ocupados.grupopiquer.com\/contenidos\/#website\"},\"primaryImageOfPage\":{\"@id\":\"https:\/\/ocupados.grupopiquer.com\/contenidos\/producto\/sead072po-f-e-v-s-vigilancia-con-perros-10-horas\/#primaryimage\"},\"image\":{\"@id\":\"https:\/\/ocupados.grupopiquer.com\/contenidos\/producto\/sead072po-f-e-v-s-vigilancia-con-perros-10-horas\/#primaryimage\"},\"thumbnailUrl\":\"https:\/\/ocupados.grupopiquer.com\/contenidos\/wp-content\/uploads\/2023\/05\/duQUUuuS9tphn-9-_GsLYP6ZPd1i3qPG3-e1683195008434.jpg\",\"datePublished\":\"2023-05-02T11:15:40+00:00\",\"dateModified\":\"2023-05-16T11:27:56+00:00\",\"breadcrumb\":{\"@id\":\"https:\/\/ocupados.grupopiquer.com\/contenidos\/producto\/sead072po-f-e-v-s-vigilancia-con-perros-10-horas\/#breadcrumb\"},\"inLanguage\":\"es\",\"potentialAction\":[{\"@type\":\"ReadAction\",\"target\":[\"https:\/\/ocupados.grupopiquer.com\/contenidos\/producto\/sead072po-f-e-v-s-vigilancia-con-perros-10-horas\/\"]}]},{\"@type\":\"ImageObject\",\"inLanguage\":\"es\",\"@id\":\"https:\/\/ocupados.grupopiquer.com\/contenidos\/producto\/sead072po-f-e-v-s-vigilancia-con-perros-10-horas\/#primaryimage\",\"url\":\"https:\/\/ocupados.grupopiquer.com\/contenidos\/wp-content\/uploads\/2023\/05\/duQUUuuS9tphn-9-_GsLYP6ZPd1i3qPG3-e1683195008434.jpg\",\"contentUrl\":\"https:\/\/ocupados.grupopiquer.com\/contenidos\/wp-content\/uploads\/2023\/05\/duQUUuuS9tphn-9-_GsLYP6ZPd1i3qPG3-e1683195008434.jpg\",\"width\":1680,\"height\":945},{\"@type\":\"BreadcrumbList\",\"@id\":\"https:\/\/ocupados.grupopiquer.com\/contenidos\/producto\/sead072po-f-e-v-s-vigilancia-con-perros-10-horas\/#breadcrumb\",\"itemListElement\":[{\"@type\":\"ListItem\",\"position\":1,\"name\":\"Portada\",\"item\":\"https:\/\/ocupados.grupopiquer.com\/contenidos\/\"},{\"@type\":\"ListItem\",\"position\":2,\"name\":\"Tienda\",\"item\":\"https:\/\/ocupados.grupopiquer.com\/contenidos\/tienda\/\"},{\"@type\":\"ListItem\",\"position\":3,\"name\":\"SEAD072PO &#8211; F.E.V.S.: Vigilancia con Perros (10 horas)\"}]},{\"@type\":\"WebSite\",\"@id\":\"https:\/\/ocupados.grupopiquer.com\/contenidos\/#website\",\"url\":\"https:\/\/ocupados.grupopiquer.com\/contenidos\/\",\"name\":\"Contenidos Online\",\"description\":\"\",\"publisher\":{\"@id\":\"https:\/\/ocupados.grupopiquer.com\/contenidos\/#organization\"},\"potentialAction\":[{\"@type\":\"SearchAction\",\"target\":{\"@type\":\"EntryPoint\",\"urlTemplate\":\"https:\/\/ocupados.grupopiquer.com\/contenidos\/?s={search_term_string}\"},\"query-input\":{\"@type\":\"PropertyValueSpecification\",\"valueRequired\":true,\"valueName\":\"search_term_string\"}}],\"inLanguage\":\"es\"},{\"@type\":\"Organization\",\"@id\":\"https:\/\/ocupados.grupopiquer.com\/contenidos\/#organization\",\"name\":\"Contenidos Online\",\"url\":\"https:\/\/ocupados.grupopiquer.com\/contenidos\/\",\"logo\":{\"@type\":\"ImageObject\",\"inLanguage\":\"es\",\"@id\":\"https:\/\/ocupados.grupopiquer.com\/contenidos\/#\/schema\/logo\/image\/\",\"url\":\"https:\/\/ocupados.grupopiquer.com\/contenidos\/wp-content\/uploads\/2024\/01\/Grupo-Piquer-COLOR-1.png\",\"contentUrl\":\"https:\/\/ocupados.grupopiquer.com\/contenidos\/wp-content\/uploads\/2024\/01\/Grupo-Piquer-COLOR-1.png\",\"width\":705,\"height\":270,\"caption\":\"Contenidos Online\"},\"image\":{\"@id\":\"https:\/\/ocupados.grupopiquer.com\/contenidos\/#\/schema\/logo\/image\/\"}}]}<\/script>\n<!-- \/ Yoast SEO plugin. -->","yoast_head_json":{"title":"SEAD072PO - F.E.V.S.: Vigilancia con Perros (10 horas) - Contenidos Online","robots":{"index":"index","follow":"follow","max-snippet":"max-snippet:-1","max-image-preview":"max-image-preview:large","max-video-preview":"max-video-preview:-1"},"canonical":"https:\/\/ocupados.grupopiquer.com\/contenidos\/producto\/sead072po-f-e-v-s-vigilancia-con-perros-10-horas\/","og_locale":"es_ES","og_type":"article","og_title":"SEAD072PO - F.E.V.S.: Vigilancia con Perros (10 horas) - Contenidos Online","og_description":"Actualizar a los vigilantes de seguridad que prestan servicios de vigilancia con perros, que requieren de una mayor especializaci\u00f3n, seg\u00fan la Resoluci\u00f3n de 12 de noviembre de 2012 de la Secretar\u00eda de Estado de Seguridad.","og_url":"https:\/\/ocupados.grupopiquer.com\/contenidos\/producto\/sead072po-f-e-v-s-vigilancia-con-perros-10-horas\/","og_site_name":"Contenidos Online","article_modified_time":"2023-05-16T11:27:56+00:00","og_image":[{"width":1680,"height":945,"url":"https:\/\/ocupados.grupopiquer.com\/contenidos\/wp-content\/uploads\/2023\/05\/duQUUuuS9tphn-9-_GsLYP6ZPd1i3qPG3-e1683195008434.jpg","type":"image\/jpeg"}],"twitter_card":"summary_large_image","twitter_misc":{"Tiempo de lectura":"2 minutos"},"schema":{"@context":"https:\/\/schema.org","@graph":[{"@type":"WebPage","@id":"https:\/\/ocupados.grupopiquer.com\/contenidos\/producto\/sead072po-f-e-v-s-vigilancia-con-perros-10-horas\/","url":"https:\/\/ocupados.grupopiquer.com\/contenidos\/producto\/sead072po-f-e-v-s-vigilancia-con-perros-10-horas\/","name":"SEAD072PO - F.E.V.S.: Vigilancia con Perros (10 horas) - Contenidos Online","isPartOf":{"@id":"https:\/\/ocupados.grupopiquer.com\/contenidos\/#website"},"primaryImageOfPage":{"@id":"https:\/\/ocupados.grupopiquer.com\/contenidos\/producto\/sead072po-f-e-v-s-vigilancia-con-perros-10-horas\/#primaryimage"},"image":{"@id":"https:\/\/ocupados.grupopiquer.com\/contenidos\/producto\/sead072po-f-e-v-s-vigilancia-con-perros-10-horas\/#primaryimage"},"thumbnailUrl":"https:\/\/ocupados.grupopiquer.com\/contenidos\/wp-content\/uploads\/2023\/05\/duQUUuuS9tphn-9-_GsLYP6ZPd1i3qPG3-e1683195008434.jpg","datePublished":"2023-05-02T11:15:40+00:00","dateModified":"2023-05-16T11:27:56+00:00","breadcrumb":{"@id":"https:\/\/ocupados.grupopiquer.com\/contenidos\/producto\/sead072po-f-e-v-s-vigilancia-con-perros-10-horas\/#breadcrumb"},"inLanguage":"es","potentialAction":[{"@type":"ReadAction","target":["https:\/\/ocupados.grupopiquer.com\/contenidos\/producto\/sead072po-f-e-v-s-vigilancia-con-perros-10-horas\/"]}]},{"@type":"ImageObject","inLanguage":"es","@id":"https:\/\/ocupados.grupopiquer.com\/contenidos\/producto\/sead072po-f-e-v-s-vigilancia-con-perros-10-horas\/#primaryimage","url":"https:\/\/ocupados.grupopiquer.com\/contenidos\/wp-content\/uploads\/2023\/05\/duQUUuuS9tphn-9-_GsLYP6ZPd1i3qPG3-e1683195008434.jpg","contentUrl":"https:\/\/ocupados.grupopiquer.com\/contenidos\/wp-content\/uploads\/2023\/05\/duQUUuuS9tphn-9-_GsLYP6ZPd1i3qPG3-e1683195008434.jpg","width":1680,"height":945},{"@type":"BreadcrumbList","@id":"https:\/\/ocupados.grupopiquer.com\/contenidos\/producto\/sead072po-f-e-v-s-vigilancia-con-perros-10-horas\/#breadcrumb","itemListElement":[{"@type":"ListItem","position":1,"name":"Portada","item":"https:\/\/ocupados.grupopiquer.com\/contenidos\/"},{"@type":"ListItem","position":2,"name":"Tienda","item":"https:\/\/ocupados.grupopiquer.com\/contenidos\/tienda\/"},{"@type":"ListItem","position":3,"name":"SEAD072PO &#8211; F.E.V.S.: Vigilancia con Perros (10 horas)"}]},{"@type":"WebSite","@id":"https:\/\/ocupados.grupopiquer.com\/contenidos\/#website","url":"https:\/\/ocupados.grupopiquer.com\/contenidos\/","name":"Contenidos Online","description":"","publisher":{"@id":"https:\/\/ocupados.grupopiquer.com\/contenidos\/#organization"},"potentialAction":[{"@type":"SearchAction","target":{"@type":"EntryPoint","urlTemplate":"https:\/\/ocupados.grupopiquer.com\/contenidos\/?s={search_term_string}"},"query-input":{"@type":"PropertyValueSpecification","valueRequired":true,"valueName":"search_term_string"}}],"inLanguage":"es"},{"@type":"Organization","@id":"https:\/\/ocupados.grupopiquer.com\/contenidos\/#organization","name":"Contenidos Online","url":"https:\/\/ocupados.grupopiquer.com\/contenidos\/","logo":{"@type":"ImageObject","inLanguage":"es","@id":"https:\/\/ocupados.grupopiquer.com\/contenidos\/#\/schema\/logo\/image\/","url":"https:\/\/ocupados.grupopiquer.com\/contenidos\/wp-content\/uploads\/2024\/01\/Grupo-Piquer-COLOR-1.png","contentUrl":"https:\/\/ocupados.grupopiquer.com\/contenidos\/wp-content\/uploads\/2024\/01\/Grupo-Piquer-COLOR-1.png","width":705,"height":270,"caption":"Contenidos Online"},"image":{"@id":"https:\/\/ocupados.grupopiquer.com\/contenidos\/#\/schema\/logo\/image\/"}}]}},"jetpack_sharing_enabled":true,"_links":{"self":[{"href":"https:\/\/ocupados.grupopiquer.com\/contenidos\/wp-json\/wp\/v2\/product\/4619","targetHints":{"allow":["GET"]}}],"collection":[{"href":"https:\/\/ocupados.grupopiquer.com\/contenidos\/wp-json\/wp\/v2\/product"}],"about":[{"href":"https:\/\/ocupados.grupopiquer.com\/contenidos\/wp-json\/wp\/v2\/types\/product"}],"replies":[{"embeddable":true,"href":"https:\/\/ocupados.grupopiquer.com\/contenidos\/wp-json\/wp\/v2\/comments?post=4619"}],"wp:featuredmedia":[{"embeddable":true,"href":"https:\/\/ocupados.grupopiquer.com\/contenidos\/wp-json\/wp\/v2\/media\/4924"}],"wp:attachment":[{"href":"https:\/\/ocupados.grupopiquer.com\/contenidos\/wp-json\/wp\/v2\/media?parent=4619"}],"wp:term":[{"taxonomy":"product_brand","embeddable":true,"href":"https:\/\/ocupados.grupopiquer.com\/contenidos\/wp-json\/wp\/v2\/product_brand?post=4619"},{"taxonomy":"product_cat","embeddable":true,"href":"https:\/\/ocupados.grupopiquer.com\/contenidos\/wp-json\/wp\/v2\/product_cat?post=4619"},{"taxonomy":"product_tag","embeddable":true,"href":"https:\/\/ocupados.grupopiquer.com\/contenidos\/wp-json\/wp\/v2\/product_tag?post=4619"}],"curies":[{"name":"wp","href":"https:\/\/api.w.org\/{rel}","templated":true}]}}